{"id":58306,"date":"2022-07-29T14:02:11","date_gmt":"2022-07-29T12:02:11","guid":{"rendered":"https:\/\/fsmcv.org\/agenda\/concert-musics-amb-d-o-agrupacion-musical-mediterraneo-la-vila-joiosa\/"},"modified":"2022-07-29T14:02:11","modified_gmt":"2022-07-29T12:02:11","slug":"concert-musics-amb-d-o-agrupacion-musical-mediterraneo-la-vila-joiosa","status":"publish","type":"mec-events","link":"https:\/\/fsmcv.org\/vl\/agenda\/concert-musics-amb-d-o-agrupacion-musical-mediterraneo-la-vila-joiosa\/","title":{"rendered":"Concert M\u00fasics amb D.O. AGRUPACI\u00d3N MUSICAL MEDITERR\u00c1NEO LA VILA JOIOSA"},"content":{"rendered":"","protected":false},"excerpt":{"rendered":"","protected":false},"author":17,"featured_media":58277,"template":"","tags":[],"mec_category":[220],"class_list":["post-58306","mec-events","type-mec-events","status-publish","has-post-thumbnail","hentry","mec_category-concerts"],"_links":{"self":[{"href":"https:\/\/fsmcv.org\/vl\/wp-json\/wp\/v2\/mec-events\/58306","targetHints":{"allow":["GET"]}}],"collection":[{"href":"https:\/\/fsmcv.org\/vl\/wp-json\/wp\/v2\/mec-events"}],"about":[{"href":"https:\/\/fsmcv.org\/vl\/wp-json\/wp\/v2\/types\/mec-events"}],"author":[{"embeddable":true,"href":"https:\/\/fsmcv.org\/vl\/wp-json\/wp\/v2\/users\/17"}],"wp:featuredmedia":[{"embeddable":true,"href":"https:\/\/fsmcv.org\/vl\/wp-json\/wp\/v2\/media\/58277"}],"wp:attachment":[{"href":"https:\/\/fsmcv.org\/vl\/wp-json\/wp\/v2\/media?parent=58306"}],"wp:term":[{"taxonomy":"post_tag","embeddable":true,"href":"https:\/\/fsmcv.org\/vl\/wp-json\/wp\/v2\/tags?post=58306"},{"taxonomy":"mec_category","embeddable":true,"href":"https:\/\/fsmcv.org\/vl\/wp-json\/wp\/v2\/mec_category?post=58306"}],"curies":[{"name":"wp","href":"https:\/\/api.w.org\/{rel}","templated":true}]}}

Concert Músics amb D.O. AGRUPACIÓN MUSICAL MEDITERRÁNEO LA VILA JOIOSA
