{"id":59921,"date":"2022-10-24T12:03:20","date_gmt":"2022-10-24T10:03:20","guid":{"rendered":"https:\/\/fsmcv.org\/?post_type=mec-events&#038;p=59921"},"modified":"2022-11-16T17:55:34","modified_gmt":"2022-11-16T16:55:34","slug":"curs-temps-de-creativitat-la-creacio-musical-com-a-espai-daprenentatge","status":"publish","type":"mec-events","link":"https:\/\/fsmcv.org\/vl\/agenda\/curs-temps-de-creativitat-la-creacio-musical-com-a-espai-daprenentatge\/","title":{"rendered":"Curs Temps de creativitat: la creaci\u00f3 musical com a espai d&#8217;aprenentatge"},"content":{"rendered":"<h4 style=\"text-align: center;\"><em>Dissabtes 19 i 26 de novembre de 2022, 10 i 17 de desembre<\/em>. Modalitat presencial. Edici\u00f3 Val\u00e8ncia.<\/h4>\n<h2 style=\"text-align: center;\"><a href=\"https:\/\/forms.gle\/RHAxVwEZjnN8fwEc8\" target=\"_blank\" rel=\"noopener\">Inscripci\u00f3 i detalls<\/a><\/h2>\n<h4><strong>Objectiu<\/strong><\/h4>\n<ul>\n<li>L&#8217;objectiu d&#8217;aquest curs \u00e9s la formaci\u00f3 del professorat d&#8217;educaci\u00f3 musical per a la compet\u00e8ncia en la creaci\u00f3 musical col\u00b7laborativa.<\/li>\n<\/ul>\n<h4><strong>Continguts<\/strong><\/h4>\n<ul>\n<li>Introducci\u00f3<\/li>\n<li>Requisits t\u00e8cnics<\/li>\n<li>Aportacions des de la creativitat<\/li>\n<li>Propostes metodol\u00f2giques<\/li>\n<\/ul>\n<h4><strong>Professorat:<\/strong><\/h4>\n<ul>\n<li>Adolf Murillo Ribes<\/li>\n<\/ul>\n<h4><strong>Dades de la jornada<\/strong><\/h4>\n<ul>\n<li>Durada: 20 h.<\/li>\n<li>Nombre de places: 30 places<\/li>\n<li>Adre\u00e7at a: Professorat de les escoles de m\u00fasica i dels centres autoritzats de les Societats Musicals Federades a la FSMCV<\/li>\n<li>Lloc i horari de realitzaci\u00f3: Alquer\u00eda Juli\u00e1 &#8211; Casa de la M\u00fasica. C\/ Democr\u00e0cia, n\u00fam. 62, 46018, Val\u00e8ncia<\/li>\n<li>De 9:00 a 14:00 hrs.<\/li>\n<li>Calendari de realitzaci\u00f3: 19 i 26 de novembre, 10 i 17 de desembre de <em>2022.<\/em> <\/li>\n<\/ul>\n<h4><strong>Condicions generals:<\/strong><\/h4>\n<ul>\n<li>Amb posterioritat al mateix es far\u00e0 lliurament de diploma acreditatiu.<\/li>\n<li>A m\u00e9s, els assistents al curs que siguen professors de centres autoritzats, conservatoris, escoles de m\u00fasica i centres d&#8217;ensenyament primari o secundari de la Comunitat Valenciana, o graduats que estiguen inscrits en alguna de les borses de treball de la Conselleria d&#8217;Educaci\u00f3, obtindran una certificaci\u00f3 emesa per la Conselleria d&#8217;Educaci\u00f3.<\/li>\n<li>Les places es concediran per rigor\u00f3s ordre d&#8217;entrada de les sol\u00b7licituds en la FSMCV.<\/li>\n<li>La no assist\u00e8ncia, com a m\u00ednim, al 85% de les hores presencials del curs no donar\u00e0n dret al l&#8217;obtenci\u00f3 de les certificacions corresponents .<\/li>\n<\/ul>\n<h4><strong>Forma de pagament:<\/strong><\/h4>\n<ul>\n<li>El curs t\u00e9 un cost de 30 euros en concepte de matr\u00edcula, material i emissi\u00f3 de certificat.<\/li>\n<li>Una vegada finalitzat el termini d&#8217;inscripci\u00f3 es comunicar\u00e0 als sol\u00b7licitants si han sigut admesos o no.<\/li>\n<li>Els participants seleccionats tindran un termini de 3 dies des de la comunicaci\u00f3, per a la realitzaci\u00f3 de la transfer\u00e8ncia banc\u00e0ria en el n\u00famero de compte que la FSMCV li comunicar\u00e0 i per a l&#8217;enviament de c\u00f2pia del resguard bancari a trav\u00e9s del correu electr\u00f2nic <a href=\"mailto:centredestudis@fsmcv.org\">centredestudis@fsmcv.org.<\/a><\/li>\n<\/ul>\n<h4><strong>Termini per a la presentaci\u00f3 de sol\u00b7licituds:<\/strong><\/h4>\n<ul>\n<li><em>11\/11\/2022 &#8211; 23:59 h<\/em><\/li>\n<\/ul>\n<h4><strong>Organitza:<\/strong><\/h4>\n<ul>\n<li>Centre d&#8217;Estudis de la FSMCV<\/li>\n<\/ul>\n","protected":false},"excerpt":{"rendered":"<p>Dissabtes 19 i 26 de novembre de 2022, 10 i 17 de desembre. Modalitat presencial. Edici\u00f3 Val\u00e8ncia. Inscripci\u00f3 i detalls Objectiu L&#8217;objectiu d&#8217;aquest curs \u00e9s la formaci\u00f3 del professorat d&#8217;educaci\u00f3 musical per a la compet\u00e8ncia en la creaci\u00f3 musical col\u00b7laborativa. Continguts Introducci\u00f3 Requisits t\u00e8cnics Aportacions des de la creativitat Propostes metodol\u00f2giques Professorat: Adolf Murillo Ribes [&hellip;]<\/p>\n","protected":false},"author":17,"featured_media":31937,"template":"","tags":[],"mec_category":[222],"class_list":["post-59921","mec-events","type-mec-events","status-publish","has-post-thumbnail","hentry","mec_category-cursos-presencials"],"_links":{"self":[{"href":"https:\/\/fsmcv.org\/vl\/wp-json\/wp\/v2\/mec-events\/59921","targetHints":{"allow":["GET"]}}],"collection":[{"href":"https:\/\/fsmcv.org\/vl\/wp-json\/wp\/v2\/mec-events"}],"about":[{"href":"https:\/\/fsmcv.org\/vl\/wp-json\/wp\/v2\/types\/mec-events"}],"author":[{"embeddable":true,"href":"https:\/\/fsmcv.org\/vl\/wp-json\/wp\/v2\/users\/17"}],"wp:featuredmedia":[{"embeddable":true,"href":"https:\/\/fsmcv.org\/vl\/wp-json\/wp\/v2\/media\/31937"}],"wp:attachment":[{"href":"https:\/\/fsmcv.org\/vl\/wp-json\/wp\/v2\/media?parent=59921"}],"wp:term":[{"taxonomy":"post_tag","embeddable":true,"href":"https:\/\/fsmcv.org\/vl\/wp-json\/wp\/v2\/tags?post=59921"},{"taxonomy":"mec_category","embeddable":true,"href":"https:\/\/fsmcv.org\/vl\/wp-json\/wp\/v2\/mec_category?post=59921"}],"curies":[{"name":"wp","href":"https:\/\/api.w.org\/{rel}","templated":true}]}}

Curs Temps de creativitat: la creació musical com a espai d&#8217;aprenentatge

<h4 style="text-align: center;"><em>Dissabtes 19 i 26 de novembre de 2022, 10 i 17 de desembre</em>. Modalitat presencial. Edició València.</h4>
<h2 style="text-align: center;"><a href="https://forms.gle/RHAxVwEZjnN8fwEc8" target="_blank" rel="noopener">Inscripció i detalls</a></h2>
<h4><strong>Objectiu</strong></h4>
<ul>
<li>L&#8217;objectiu d&#8217;aquest curs és la formació del professorat d&#8217;educació musical per a la competència en la creació musical col·laborativa.</li>
</ul>
<h4><strong>Continguts</strong></h4>
<ul>
<li>Introducció</li>
<li>Requisits tècnics</li>
<li>Aportacions des de la creativitat</li>
<li>Propostes metodològiques</li>
</ul>
<h4><strong>Professorat:</strong></h4>
<ul>
<li>Adolf Murillo Ribes</li>
</ul>
<h4><strong>Dades de la jornada</strong></h4>
<ul>
<li>Durada: 20 h.</li>
<li>Nombre de places: 30 places</li>
<li>Adreçat a: Professorat de les escoles de música i dels centres autoritzats de les Societats Musicals Federades a la FSMCV</li>
<li>Lloc i horari de realització: Alquería Juliá &#8211; Casa de la Música. C/ Democràcia, núm. 62, 46018, València</li>
<li>De 9:00 a 14:00 hrs.</li>
<li>Calendari de realització: 19 i 26 de novembre, 10 i 17 de desembre de <em>2022.</em> </li>
</ul>
<h4><strong>Condicions generals:</strong></h4>
<ul>
<li>Amb posterioritat al mateix es farà lliurament de diploma acreditatiu.</li>
<li>A més, els assistents al curs que siguen professors de centres autoritzats, conservatoris, escoles de música i centres d&#8217;ensenyament primari o secundari de la Comunitat Valenciana, o graduats que estiguen inscrits en alguna de les borses de treball de la Conselleria d&#8217;Educació, obtindran una certificació emesa per la Conselleria d&#8217;Educació.</li>
<li>Les places es concediran per rigorós ordre d&#8217;entrada de les sol·licituds en la FSMCV.</li>
<li>La no assistència, com a mínim, al 85% de les hores presencials del curs no donaràn dret al l&#8217;obtenció de les certificacions corresponents .</li>
</ul>
<h4><strong>Forma de pagament:</strong></h4>
<ul>
<li>El curs té un cost de 30 euros en concepte de matrícula, material i emissió de certificat.</li>
<li>Una vegada finalitzat el termini d&#8217;inscripció es comunicarà als sol·licitants si han sigut admesos o no.</li>
<li>Els participants seleccionats tindran un termini de 3 dies des de la comunicació, per a la realització de la transferència bancària en el número de compte que la FSMCV li comunicarà i per a l&#8217;enviament de còpia del resguard bancari a través del correu electrònic <a href="mailto:centredestudis@fsmcv.org">centredestudis@fsmcv.org.</a></li>
</ul>
<h4><strong>Termini per a la presentació de sol·licituds:</strong></h4>
<ul>
<li><em>11/11/2022 &#8211; 23:59 h</em></li>
</ul>
<h4><strong>Organitza:</strong></h4>
<ul>
<li>Centre d&#8217;Estudis de la FSMCV</li>
</ul>

<p>Dissabtes 19 i 26 de novembre de 2022, 10 i 17 de desembre. Modalitat presencial. Edició València. Inscripció i detalls Objectiu L&#8217;objectiu d&#8217;aquest curs és la formació del professorat d&#8217;educació musical per a la competència en la creació musical col·laborativa. Continguts Introducció Requisits tècnics Aportacions des de la creativitat Propostes metodològiques Professorat: Adolf Murillo Ribes [&hellip;]</p>
