{"id":60024,"date":"2022-11-04T11:59:55","date_gmt":"2022-11-04T10:59:55","guid":{"rendered":"https:\/\/fsmcv.org\/agenda\/bandes-a-la-ciutat-unio-artistico-musical-sant-francesc-de-borja-de-gandia\/"},"modified":"2022-11-04T11:59:55","modified_gmt":"2022-11-04T10:59:55","slug":"bandes-a-la-ciutat-unio-artistico-musical-sant-francesc-de-borja-de-gandia","status":"publish","type":"mec-events","link":"https:\/\/fsmcv.org\/vl\/agenda\/bandes-a-la-ciutat-unio-artistico-musical-sant-francesc-de-borja-de-gandia\/","title":{"rendered":"Bandes a la Ciutat: UNI\u00d3 ART\u00cdSTICO MUSICAL &#8220;SANT FRANCESC DE BORJA&#8221; DE GANDIA"},"content":{"rendered":"<p>Ciutat de les Arts i les Ci\u00e8ncies<\/p>\n","protected":false},"excerpt":{"rendered":"<p>Ciutat de les Arts i les Ci\u00e8ncies<\/p>\n","protected":false},"author":17,"featured_media":60021,"template":"","tags":[],"mec_category":[],"class_list":["post-60024","mec-events","type-mec-events","status-publish","has-post-thumbnail","hentry"],"_links":{"self":[{"href":"https:\/\/fsmcv.org\/vl\/wp-json\/wp\/v2\/mec-events\/60024","targetHints":{"allow":["GET"]}}],"collection":[{"href":"https:\/\/fsmcv.org\/vl\/wp-json\/wp\/v2\/mec-events"}],"about":[{"href":"https:\/\/fsmcv.org\/vl\/wp-json\/wp\/v2\/types\/mec-events"}],"author":[{"embeddable":true,"href":"https:\/\/fsmcv.org\/vl\/wp-json\/wp\/v2\/users\/17"}],"wp:featuredmedia":[{"embeddable":true,"href":"https:\/\/fsmcv.org\/vl\/wp-json\/wp\/v2\/media\/60021"}],"wp:attachment":[{"href":"https:\/\/fsmcv.org\/vl\/wp-json\/wp\/v2\/media?parent=60024"}],"wp:term":[{"taxonomy":"post_tag","embeddable":true,"href":"https:\/\/fsmcv.org\/vl\/wp-json\/wp\/v2\/tags?post=60024"},{"taxonomy":"mec_category","embeddable":true,"href":"https:\/\/fsmcv.org\/vl\/wp-json\/wp\/v2\/mec_category?post=60024"}],"curies":[{"name":"wp","href":"https:\/\/api.w.org\/{rel}","templated":true}]}}

Bandes a la Ciutat: UNIÓ ARTÍSTICO MUSICAL &#8220;SANT FRANCESC DE BORJA&#8221; DE GANDIA

<p>Ciutat de les Arts i les Ciències</p>
