{"id":61350,"date":"2023-01-11T11:39:48","date_gmt":"2023-01-11T10:39:48","guid":{"rendered":"https:\/\/fsmcv.org\/agenda\/concert-de-la-jove-orquestra-simfonica-de-la-fsmcv-2\/"},"modified":"2023-01-11T16:11:35","modified_gmt":"2023-01-11T15:11:35","slug":"concert-de-la-jove-orquestra-simfonica-de-la-fsmcv-2","status":"publish","type":"mec-events","link":"https:\/\/fsmcv.org\/vl\/agenda\/concert-de-la-jove-orquestra-simfonica-de-la-fsmcv-2\/","title":{"rendered":"Concert de la Jove Orquestra Simf\u00f2nica de la FSMCV"},"content":{"rendered":"<p>Ubicaci\u00f3: Sala Jos\u00e9 Roca, Conservatori Jos\u00e9 Iturbi de Valencia<\/p>\n<p><a href=\"https:\/\/fsmcv.org\/wp-content\/uploads\/2023\/01\/FSMCV_JOS_ProgramaMano.pdf\">FSMCV_JOS_ProgramaMano<\/a><\/p>\n","protected":false},"excerpt":{"rendered":"<p>Ubicaci\u00f3: Sala Jos\u00e9 Roca, Conservatori Jos\u00e9 Iturbi de Valencia FSMCV_JOS_ProgramaMano<\/p>\n","protected":false},"author":17,"featured_media":61349,"template":"","tags":[],"mec_category":[220],"class_list":["post-61350","mec-events","type-mec-events","status-publish","has-post-thumbnail","hentry","mec_category-concerts"],"_links":{"self":[{"href":"https:\/\/fsmcv.org\/vl\/wp-json\/wp\/v2\/mec-events\/61350","targetHints":{"allow":["GET"]}}],"collection":[{"href":"https:\/\/fsmcv.org\/vl\/wp-json\/wp\/v2\/mec-events"}],"about":[{"href":"https:\/\/fsmcv.org\/vl\/wp-json\/wp\/v2\/types\/mec-events"}],"author":[{"embeddable":true,"href":"https:\/\/fsmcv.org\/vl\/wp-json\/wp\/v2\/users\/17"}],"wp:featuredmedia":[{"embeddable":true,"href":"https:\/\/fsmcv.org\/vl\/wp-json\/wp\/v2\/media\/61349"}],"wp:attachment":[{"href":"https:\/\/fsmcv.org\/vl\/wp-json\/wp\/v2\/media?parent=61350"}],"wp:term":[{"taxonomy":"post_tag","embeddable":true,"href":"https:\/\/fsmcv.org\/vl\/wp-json\/wp\/v2\/tags?post=61350"},{"taxonomy":"mec_category","embeddable":true,"href":"https:\/\/fsmcv.org\/vl\/wp-json\/wp\/v2\/mec_category?post=61350"}],"curies":[{"name":"wp","href":"https:\/\/api.w.org\/{rel}","templated":true}]}}

Concert de la Jove Orquestra Simfònica de la FSMCV

<p>Ubicació: Sala José Roca, Conservatori José Iturbi de Valencia</p>
<p><a href="https://fsmcv.org/wp-content/uploads/2023/01/FSMCV_JOS_ProgramaMano.pdf">FSMCV_JOS_ProgramaMano</a></p>

<p>Ubicació: Sala José Roca, Conservatori José Iturbi de Valencia FSMCV_JOS_ProgramaMano</p>
