{"id":61493,"date":"2023-01-25T09:20:22","date_gmt":"2023-01-25T08:20:22","guid":{"rendered":"https:\/\/fsmcv.org\/?post_type=mec-events&#038;p=61493"},"modified":"2023-01-25T13:06:44","modified_gmt":"2023-01-25T12:06:44","slug":"curs-eines-tic-com-a-suport-a-leducacio-musical-online-2","status":"publish","type":"mec-events","link":"https:\/\/fsmcv.org\/vl\/agenda\/curs-eines-tic-com-a-suport-a-leducacio-musical-online-2\/","title":{"rendered":"Curs Eines TIC com a suport a l&#8217;educaci\u00f3 musical"},"content":{"rendered":"<h4 style=\"text-align: center;\">Dilluns 27 de febrer a divendres 7 de maig de 2023. Modalitat online.<\/h4>\n<h2 style=\"text-align: center;\"><a href=\"https:\/\/forms.gle\/ELi3GDrBfKYVUp9p6\" target=\"_blank\" rel=\"noopener\">Inscripci\u00f3 i detalls<\/a><\/h2>\n<h4><strong>Objectiu<\/strong><\/h4>\n<ul>\n<li>L\u2019objectiu del curs \u00e9s la millora en la compet\u00e8ncia TIC a l\u2019aula de m\u00fasica a partir de propostes, estrat\u00e8gies i recursos que permeten la millora sistem\u00e0tica proporcionant eines \u00fatils metodol\u00f2gicament.<\/li>\n<\/ul>\n<h4><strong>Continguts<\/strong><\/h4>\n<ul>\n<li>Introducci\u00f3 a la plataforma Moodle.<\/li>\n<li>Creaci\u00f3 d\u2019un Blog, Web o portal com a eina de treball.<\/li>\n<li>Edici\u00f3 d\u2019\u00e0udio<\/li>\n<li>Edici\u00f3 de partitures i seq\u00fcenciaci\u00f3 audio i Midi.<\/li>\n<li>Edici\u00f3 de v\u00eddeo<\/li>\n<li>Plataformes per a treballar de manera col\u00b7laborativa i per videoconfer\u00e8ncia.<\/li>\n<\/ul>\n<h4><strong>Professorat:<\/strong><\/h4>\n<ul>\n<li><strong>Jes\u00fas Deb\u00f3n Alcodori:<\/strong><br \/>\nCompositor, pianista acompanyant i autor de gran part de les propostes musicals que acompanyen els llibres de text en educaci\u00f3 infantil i prim\u00e0ria a la Comunitat Valenciana. Professor amb molta experi\u00e8ncia en la formaci\u00f3 del professorat d&#8217;educaci\u00f3 musical.<\/li>\n<li><strong>Remigi Morant Navasquillo (Universitat de Val\u00e8ncia):<\/strong><br \/>\nDoctor en Educaci\u00f3 (Did\u00e0ctica de la M\u00fasica) i Professor del Departament de Did\u00e0ctica de l&#8217;Expressi\u00f3 Musical de la Universitat de Val\u00e8ncia. Ha sigut Assessor d&#8217;Educaci\u00f3 Musical de la Xarxa de CEFIRE durant 15 anys i dirigit diferents escoles i bandes de m\u00fasica valencianes.<\/li>\n<\/ul>\n<h4><strong>Dades del curs<\/strong><\/h4>\n<ul>\n<li>Duraci\u00f3: 30 h.<\/li>\n<li>Nombre de places: 35<\/li>\n<li>Dirigit a: Professorat de les escoles de m\u00fasica i dels centres autoritzats de les Societats Musicals Federades en la FSMCV<\/li>\n<li>Lloc i horaris de realitzaci\u00f3: En l\u00ednia<\/li>\n<li>Calendari de realitzaci\u00f3: Del 27 de febrer al 7 de maig<\/li>\n<\/ul>\n<h4><strong>Condicions generals:<\/strong><\/h4>\n<ul>\n<li>Amb posterioritat al mateix es far\u00e0 lliurament de diploma acreditatiu.<\/li>\n<li>A m\u00e9s, els assistents al curs que siguen professors de centres autoritzats, conservatoris, escoles de m\u00fasica i centres d&#8217;ensenyament primari o secundari de la Comunitat Valenciana, o graduats que estiguen inscrits en alguna de les borses de treball de la Conselleria d&#8217;Educaci\u00f3, obtindran una certificaci\u00f3 emesa per la Conselleria d&#8217;Educaci\u00f3.<\/li>\n<li>Les places es concediran per rigor\u00f3s ordre d&#8217;entrada de les sol\u00b7licituds en la FSMCV.<\/li>\n<\/ul>\n<h4><strong>Forma de pagament:<\/strong><\/h4>\n<ul>\n<li>El curs t\u00e9 un cost de 30 euros en concepte de matr\u00edcula, material i emissi\u00f3 de certificat.<\/li>\n<li>Una vegada finalitzat el termini d&#8217;inscripci\u00f3 es comunicar\u00e0 als sol\u00b7licitants si han sigut admesos o no.<\/li>\n<li>Els participants seleccionats tindran un termini de 3 dies des de la comunicaci\u00f3, per a la realitzaci\u00f3 de la transfer\u00e8ncia banc\u00e0ria en el n\u00famero de compte que la FSMCV li comunicar\u00e0 i per a l&#8217;enviament de c\u00f2pia del resguard bancari a trav\u00e9s del correu electr\u00f2nic centredestudis@fsmcv.org<\/li>\n<\/ul>\n<h4><strong>Termini per a la presentaci\u00f3 de sol\u00b7licituds:<\/strong><\/h4>\n<ul>\n<li>17\/02\/2023 &#8211; 23:59 h<\/li>\n<\/ul>\n<h4><strong>Organitza:<\/strong><\/h4>\n<ul>\n<li>Centre d&#8217;Estudis de la FSMCV<\/li>\n<\/ul>\n","protected":false},"excerpt":{"rendered":"<p>Dilluns 27 de febrer a divendres 7 de maig de 2023. Modalitat online. Inscripci\u00f3 i detalls Objectiu L\u2019objectiu del curs \u00e9s la millora en la compet\u00e8ncia TIC a l\u2019aula de m\u00fasica a partir de propostes, estrat\u00e8gies i recursos que permeten la millora sistem\u00e0tica proporcionant eines \u00fatils metodol\u00f2gicament. Continguts Introducci\u00f3 a la plataforma Moodle. Creaci\u00f3 d\u2019un [&hellip;]<\/p>\n","protected":false},"author":7,"featured_media":31937,"template":"","tags":[],"mec_category":[221],"class_list":["post-61493","mec-events","type-mec-events","status-publish","has-post-thumbnail","hentry","mec_category-cursos-online-vl-2"],"_links":{"self":[{"href":"https:\/\/fsmcv.org\/vl\/wp-json\/wp\/v2\/mec-events\/61493","targetHints":{"allow":["GET"]}}],"collection":[{"href":"https:\/\/fsmcv.org\/vl\/wp-json\/wp\/v2\/mec-events"}],"about":[{"href":"https:\/\/fsmcv.org\/vl\/wp-json\/wp\/v2\/types\/mec-events"}],"author":[{"embeddable":true,"href":"https:\/\/fsmcv.org\/vl\/wp-json\/wp\/v2\/users\/7"}],"wp:featuredmedia":[{"embeddable":true,"href":"https:\/\/fsmcv.org\/vl\/wp-json\/wp\/v2\/media\/31937"}],"wp:attachment":[{"href":"https:\/\/fsmcv.org\/vl\/wp-json\/wp\/v2\/media?parent=61493"}],"wp:term":[{"taxonomy":"post_tag","embeddable":true,"href":"https:\/\/fsmcv.org\/vl\/wp-json\/wp\/v2\/tags?post=61493"},{"taxonomy":"mec_category","embeddable":true,"href":"https:\/\/fsmcv.org\/vl\/wp-json\/wp\/v2\/mec_category?post=61493"}],"curies":[{"name":"wp","href":"https:\/\/api.w.org\/{rel}","templated":true}]}}

Curs Eines TIC com a suport a l&#8217;educació musical

<h4 style="text-align: center;">Dilluns 27 de febrer a divendres 7 de maig de 2023. Modalitat online.</h4>
<h2 style="text-align: center;"><a href="https://forms.gle/ELi3GDrBfKYVUp9p6" target="_blank" rel="noopener">Inscripció i detalls</a></h2>
<h4><strong>Objectiu</strong></h4>
<ul>
<li>L’objectiu del curs és la millora en la competència TIC a l’aula de música a partir de propostes, estratègies i recursos que permeten la millora sistemàtica proporcionant eines útils metodològicament.</li>
</ul>
<h4><strong>Continguts</strong></h4>
<ul>
<li>Introducció a la plataforma Moodle.</li>
<li>Creació d’un Blog, Web o portal com a eina de treball.</li>
<li>Edició d’àudio</li>
<li>Edició de partitures i seqüenciació audio i Midi.</li>
<li>Edició de vídeo</li>
<li>Plataformes per a treballar de manera col·laborativa i per videoconferència.</li>
</ul>
<h4><strong>Professorat:</strong></h4>
<ul>
<li><strong>Jesús Debón Alcodori:</strong><br />
Compositor, pianista acompanyant i autor de gran part de les propostes musicals que acompanyen els llibres de text en educació infantil i primària a la Comunitat Valenciana. Professor amb molta experiència en la formació del professorat d&#8217;educació musical.</li>
<li><strong>Remigi Morant Navasquillo (Universitat de València):</strong><br />
Doctor en Educació (Didàctica de la Música) i Professor del Departament de Didàctica de l&#8217;Expressió Musical de la Universitat de València. Ha sigut Assessor d&#8217;Educació Musical de la Xarxa de CEFIRE durant 15 anys i dirigit diferents escoles i bandes de música valencianes.</li>
</ul>
<h4><strong>Dades del curs</strong></h4>
<ul>
<li>Duració: 30 h.</li>
<li>Nombre de places: 35</li>
<li>Dirigit a: Professorat de les escoles de música i dels centres autoritzats de les Societats Musicals Federades en la FSMCV</li>
<li>Lloc i horaris de realització: En línia</li>
<li>Calendari de realització: Del 27 de febrer al 7 de maig</li>
</ul>
<h4><strong>Condicions generals:</strong></h4>
<ul>
<li>Amb posterioritat al mateix es farà lliurament de diploma acreditatiu.</li>
<li>A més, els assistents al curs que siguen professors de centres autoritzats, conservatoris, escoles de música i centres d&#8217;ensenyament primari o secundari de la Comunitat Valenciana, o graduats que estiguen inscrits en alguna de les borses de treball de la Conselleria d&#8217;Educació, obtindran una certificació emesa per la Conselleria d&#8217;Educació.</li>
<li>Les places es concediran per rigorós ordre d&#8217;entrada de les sol·licituds en la FSMCV.</li>
</ul>
<h4><strong>Forma de pagament:</strong></h4>
<ul>
<li>El curs té un cost de 30 euros en concepte de matrícula, material i emissió de certificat.</li>
<li>Una vegada finalitzat el termini d&#8217;inscripció es comunicarà als sol·licitants si han sigut admesos o no.</li>
<li>Els participants seleccionats tindran un termini de 3 dies des de la comunicació, per a la realització de la transferència bancària en el número de compte que la FSMCV li comunicarà i per a l&#8217;enviament de còpia del resguard bancari a través del correu electrònic centredestudis@fsmcv.org</li>
</ul>
<h4><strong>Termini per a la presentació de sol·licituds:</strong></h4>
<ul>
<li>17/02/2023 &#8211; 23:59 h</li>
</ul>
<h4><strong>Organitza:</strong></h4>
<ul>
<li>Centre d&#8217;Estudis de la FSMCV</li>
</ul>

<p>Dilluns 27 de febrer a divendres 7 de maig de 2023. Modalitat online. Inscripció i detalls Objectiu L’objectiu del curs és la millora en la competència TIC a l’aula de música a partir de propostes, estratègies i recursos que permeten la millora sistemàtica proporcionant eines útils metodològicament. Continguts Introducció a la plataforma Moodle. Creació d’un [&hellip;]</p>
