{"id":63023,"date":"2023-03-01T11:47:02","date_gmt":"2023-03-01T10:47:02","guid":{"rendered":"https:\/\/fsmcv.org\/agenda\/la-unio-musical-dalbaida-laranya-presenta-la-musica-i-la-dona\/"},"modified":"2023-03-01T11:47:02","modified_gmt":"2023-03-01T10:47:02","slug":"la-unio-musical-dalbaida-laranya-presenta-la-musica-i-la-dona","status":"publish","type":"mec-events","link":"https:\/\/fsmcv.org\/vl\/agenda\/la-unio-musical-dalbaida-laranya-presenta-la-musica-i-la-dona\/","title":{"rendered":"La Uni\u00f3 Musical d&#8217;Albaida &#8220;L&#8217;Aranya&#8221; presenta &#8220;La M\u00fasica i la dona&#8221;"},"content":{"rendered":"<p>Dimecres 1 de mar\u00e7 a les 20:00 hores: Inauguraci\u00f3 de l&#8217;exposici\u00f3 de &#8220;La m\u00fasica i la dona&#8221;.<\/p>\n<p>Diumenge 5 de mar\u00e7 a les 18:00 hores: &#8220;Taula redona&#8221;<\/p>\n<p>Lloc de realitzaci\u00f3: Seu de la Societat Musical, C\/ Castell\u00f3 de Rugat, 2 Baix, Albaida<\/p>\n","protected":false},"excerpt":{"rendered":"<p>Dimecres 1 de mar\u00e7 a les 20:00 hores: Inauguraci\u00f3 de l&#8217;exposici\u00f3 de &#8220;La m\u00fasica i la dona&#8221;. Diumenge 5 de mar\u00e7 a les 18:00 hores: &#8220;Taula redona&#8221; Lloc de realitzaci\u00f3: Seu de la Societat Musical, C\/ Castell\u00f3 de Rugat, 2 Baix, Albaida<\/p>\n","protected":false},"author":17,"featured_media":63022,"template":"","tags":[],"mec_category":[],"class_list":["post-63023","mec-events","type-mec-events","status-publish","has-post-thumbnail","hentry"],"_links":{"self":[{"href":"https:\/\/fsmcv.org\/vl\/wp-json\/wp\/v2\/mec-events\/63023","targetHints":{"allow":["GET"]}}],"collection":[{"href":"https:\/\/fsmcv.org\/vl\/wp-json\/wp\/v2\/mec-events"}],"about":[{"href":"https:\/\/fsmcv.org\/vl\/wp-json\/wp\/v2\/types\/mec-events"}],"author":[{"embeddable":true,"href":"https:\/\/fsmcv.org\/vl\/wp-json\/wp\/v2\/users\/17"}],"wp:featuredmedia":[{"embeddable":true,"href":"https:\/\/fsmcv.org\/vl\/wp-json\/wp\/v2\/media\/63022"}],"wp:attachment":[{"href":"https:\/\/fsmcv.org\/vl\/wp-json\/wp\/v2\/media?parent=63023"}],"wp:term":[{"taxonomy":"post_tag","embeddable":true,"href":"https:\/\/fsmcv.org\/vl\/wp-json\/wp\/v2\/tags?post=63023"},{"taxonomy":"mec_category","embeddable":true,"href":"https:\/\/fsmcv.org\/vl\/wp-json\/wp\/v2\/mec_category?post=63023"}],"curies":[{"name":"wp","href":"https:\/\/api.w.org\/{rel}","templated":true}]}}

La Unió Musical d&#8217;Albaida &#8220;L&#8217;Aranya&#8221; presenta &#8220;La Música i la dona&#8221;

<p>Dimecres 1 de març a les 20:00 hores: Inauguració de l&#8217;exposició de &#8220;La música i la dona&#8221;.</p>
<p>Diumenge 5 de març a les 18:00 hores: &#8220;Taula redona&#8221;</p>
<p>Lloc de realització: Seu de la Societat Musical, C/ Castelló de Rugat, 2 Baix, Albaida</p>

<p>Dimecres 1 de març a les 20:00 hores: Inauguració de l&#8217;exposició de &#8220;La música i la dona&#8221;. Diumenge 5 de març a les 18:00 hores: &#8220;Taula redona&#8221; Lloc de realització: Seu de la Societat Musical, C/ Castelló de Rugat, 2 Baix, Albaida</p>
