{"id":65388,"date":"2023-05-25T14:03:33","date_gmt":"2023-05-25T12:03:33","guid":{"rendered":"https:\/\/fsmcv.org\/agenda\/audicio-fi-de-curs-alumnat-de-piano-de-lescola-la-primitiva-setabense\/"},"modified":"2023-05-25T14:03:33","modified_gmt":"2023-05-25T12:03:33","slug":"audicio-fi-de-curs-alumnat-de-piano-de-lescola-la-primitiva-setabense","status":"publish","type":"mec-events","link":"https:\/\/fsmcv.org\/vl\/agenda\/audicio-fi-de-curs-alumnat-de-piano-de-lescola-la-primitiva-setabense\/","title":{"rendered":"Audici\u00f3 Fi de curs alumnat de Piano de l&#8217;Escola &#8211; La Primitiva Setabense"},"content":{"rendered":"<p>Lloc de realitzaci\u00f3: Sal\u00f3 noble de la Casa de Cultura, X\u00e0tiva<\/p>\n","protected":false},"excerpt":{"rendered":"<p>Lloc de realitzaci\u00f3: Sal\u00f3 noble de la Casa de Cultura, X\u00e0tiva<\/p>\n","protected":false},"author":17,"featured_media":65387,"template":"","tags":[],"mec_category":[220],"class_list":["post-65388","mec-events","type-mec-events","status-publish","has-post-thumbnail","hentry","mec_category-concerts"],"_links":{"self":[{"href":"https:\/\/fsmcv.org\/vl\/wp-json\/wp\/v2\/mec-events\/65388","targetHints":{"allow":["GET"]}}],"collection":[{"href":"https:\/\/fsmcv.org\/vl\/wp-json\/wp\/v2\/mec-events"}],"about":[{"href":"https:\/\/fsmcv.org\/vl\/wp-json\/wp\/v2\/types\/mec-events"}],"author":[{"embeddable":true,"href":"https:\/\/fsmcv.org\/vl\/wp-json\/wp\/v2\/users\/17"}],"wp:featuredmedia":[{"embeddable":true,"href":"https:\/\/fsmcv.org\/vl\/wp-json\/wp\/v2\/media\/65387"}],"wp:attachment":[{"href":"https:\/\/fsmcv.org\/vl\/wp-json\/wp\/v2\/media?parent=65388"}],"wp:term":[{"taxonomy":"post_tag","embeddable":true,"href":"https:\/\/fsmcv.org\/vl\/wp-json\/wp\/v2\/tags?post=65388"},{"taxonomy":"mec_category","embeddable":true,"href":"https:\/\/fsmcv.org\/vl\/wp-json\/wp\/v2\/mec_category?post=65388"}],"curies":[{"name":"wp","href":"https:\/\/api.w.org\/{rel}","templated":true}]}}

Audició Fi de curs alumnat de Piano de l&#8217;Escola &#8211; La Primitiva Setabense

<p>Lloc de realització: Saló noble de la Casa de Cultura, Xàtiva</p>
