{"id":65589,"date":"2023-05-31T10:01:22","date_gmt":"2023-05-31T08:01:22","guid":{"rendered":"https:\/\/fsmcv.org\/agenda\/tecnica-vocal-smf-ciutat-de-valencia\/"},"modified":"2023-06-16T14:02:39","modified_gmt":"2023-06-16T12:02:39","slug":"tecnica-vocal-smf-ciutat-de-valencia","status":"publish","type":"mec-events","link":"https:\/\/fsmcv.org\/vl\/agenda\/tecnica-vocal-smf-ciutat-de-valencia\/","title":{"rendered":"T\u00e8cnica Vocal &#8211; SMF Ciutat de Val\u00e8ncia"},"content":{"rendered":"<p>Lloc de realitzaci\u00f3: Alqueria Juli\u00e0, Val\u00e8ncia<\/p>\n","protected":false},"excerpt":{"rendered":"<p>Lloc de realitzaci\u00f3: Alqueria Juli\u00e0, Val\u00e8ncia<\/p>\n","protected":false},"author":17,"featured_media":66189,"template":"","tags":[],"mec_category":[579],"class_list":["post-65589","mec-events","type-mec-events","status-publish","has-post-thumbnail","hentry","mec_category-activitats-comarcals"],"_links":{"self":[{"href":"https:\/\/fsmcv.org\/vl\/wp-json\/wp\/v2\/mec-events\/65589","targetHints":{"allow":["GET"]}}],"collection":[{"href":"https:\/\/fsmcv.org\/vl\/wp-json\/wp\/v2\/mec-events"}],"about":[{"href":"https:\/\/fsmcv.org\/vl\/wp-json\/wp\/v2\/types\/mec-events"}],"author":[{"embeddable":true,"href":"https:\/\/fsmcv.org\/vl\/wp-json\/wp\/v2\/users\/17"}],"wp:featuredmedia":[{"embeddable":true,"href":"https:\/\/fsmcv.org\/vl\/wp-json\/wp\/v2\/media\/66189"}],"wp:attachment":[{"href":"https:\/\/fsmcv.org\/vl\/wp-json\/wp\/v2\/media?parent=65589"}],"wp:term":[{"taxonomy":"post_tag","embeddable":true,"href":"https:\/\/fsmcv.org\/vl\/wp-json\/wp\/v2\/tags?post=65589"},{"taxonomy":"mec_category","embeddable":true,"href":"https:\/\/fsmcv.org\/vl\/wp-json\/wp\/v2\/mec_category?post=65589"}],"curies":[{"name":"wp","href":"https:\/\/api.w.org\/{rel}","templated":true}]}}

Tècnica Vocal &#8211; SMF Ciutat de València

<p>Lloc de realització: Alqueria Julià, València</p>
