{"id":66170,"date":"2023-06-16T09:12:37","date_gmt":"2023-06-16T07:12:37","guid":{"rendered":"https:\/\/fsmcv.org\/agenda\/135e-certamen-internacional-de-bandes-de-musica-ciutat-de-valencia-2023\/"},"modified":"2023-06-16T09:12:37","modified_gmt":"2023-06-16T07:12:37","slug":"135e-certamen-internacional-de-bandes-de-musica-ciutat-de-valencia-2023","status":"publish","type":"mec-events","link":"https:\/\/fsmcv.org\/vl\/agenda\/135e-certamen-internacional-de-bandes-de-musica-ciutat-de-valencia-2023\/","title":{"rendered":"135\u00e9 Certamen Internacional de Bandes de M\u00fasica &#8220;Ciutat de Val\u00e8ncia&#8221; 2023"},"content":{"rendered":"<p>Lloc de realitzaci\u00f3: Palau de les Arts de Val\u00e8ncia<\/p>\n<p>Dia 12 de juliol: Secci\u00f3 tercera<\/p>\n<p>Dia 13 de juliol: Secci\u00f3 segona<\/p>\n<p>Dia 15 de juliol: Secci\u00f3 primera<\/p>\n<p>Dia 16 de juliol: Secci\u00f3 d&#8217;Honor<\/p>\n","protected":false},"excerpt":{"rendered":"<p>Lloc de realitzaci\u00f3: Palau de les Arts de Val\u00e8ncia Dia 12 de juliol: Secci\u00f3 tercera Dia 13 de juliol: Secci\u00f3 segona Dia 15 de juliol: Secci\u00f3 primera Dia 16 de juliol: Secci\u00f3 d&#8217;Honor<\/p>\n","protected":false},"author":17,"featured_media":66165,"template":"","tags":[],"mec_category":[],"class_list":["post-66170","mec-events","type-mec-events","status-publish","has-post-thumbnail","hentry"],"_links":{"self":[{"href":"https:\/\/fsmcv.org\/vl\/wp-json\/wp\/v2\/mec-events\/66170","targetHints":{"allow":["GET"]}}],"collection":[{"href":"https:\/\/fsmcv.org\/vl\/wp-json\/wp\/v2\/mec-events"}],"about":[{"href":"https:\/\/fsmcv.org\/vl\/wp-json\/wp\/v2\/types\/mec-events"}],"author":[{"embeddable":true,"href":"https:\/\/fsmcv.org\/vl\/wp-json\/wp\/v2\/users\/17"}],"wp:featuredmedia":[{"embeddable":true,"href":"https:\/\/fsmcv.org\/vl\/wp-json\/wp\/v2\/media\/66165"}],"wp:attachment":[{"href":"https:\/\/fsmcv.org\/vl\/wp-json\/wp\/v2\/media?parent=66170"}],"wp:term":[{"taxonomy":"post_tag","embeddable":true,"href":"https:\/\/fsmcv.org\/vl\/wp-json\/wp\/v2\/tags?post=66170"},{"taxonomy":"mec_category","embeddable":true,"href":"https:\/\/fsmcv.org\/vl\/wp-json\/wp\/v2\/mec_category?post=66170"}],"curies":[{"name":"wp","href":"https:\/\/api.w.org\/{rel}","templated":true}]}}

135é Certamen Internacional de Bandes de Música &#8220;Ciutat de València&#8221; 2023

<p>Lloc de realització: Palau de les Arts de València</p>
<p>Dia 12 de juliol: Secció tercera</p>
<p>Dia 13 de juliol: Secció segona</p>
<p>Dia 15 de juliol: Secció primera</p>
<p>Dia 16 de juliol: Secció d&#8217;Honor</p>

<p>Lloc de realització: Palau de les Arts de València Dia 12 de juliol: Secció tercera Dia 13 de juliol: Secció segona Dia 15 de juliol: Secció primera Dia 16 de juliol: Secció d&#8217;Honor</p>
