{"id":66476,"date":"2023-06-21T10:37:07","date_gmt":"2023-06-21T08:37:07","guid":{"rendered":"https:\/\/fsmcv.org\/agenda\/xliv-certamen-provincial-de-bandes-de-musica-2023-de-la-diputacio-de-castellon\/"},"modified":"2023-06-21T10:37:07","modified_gmt":"2023-06-21T08:37:07","slug":"xliv-certamen-provincial-de-bandes-de-musica-2023-de-la-diputacio-de-castellon","status":"publish","type":"mec-events","link":"https:\/\/fsmcv.org\/vl\/agenda\/xliv-certamen-provincial-de-bandes-de-musica-2023-de-la-diputacio-de-castellon\/","title":{"rendered":"XLIV Certamen Provincial de Bandes de M\u00fasica 2023 de la Diputaci\u00f3 de Castell\u00f3n"},"content":{"rendered":"<p>Lloc de realitzaci\u00f3: Auditori i Palau de Congressos, Castell\u00f3<\/p>\n","protected":false},"excerpt":{"rendered":"<p>Lloc de realitzaci\u00f3: Auditori i Palau de Congressos, Castell\u00f3<\/p>\n","protected":false},"author":17,"featured_media":66475,"template":"","tags":[],"mec_category":[],"class_list":["post-66476","mec-events","type-mec-events","status-publish","has-post-thumbnail","hentry"],"_links":{"self":[{"href":"https:\/\/fsmcv.org\/vl\/wp-json\/wp\/v2\/mec-events\/66476","targetHints":{"allow":["GET"]}}],"collection":[{"href":"https:\/\/fsmcv.org\/vl\/wp-json\/wp\/v2\/mec-events"}],"about":[{"href":"https:\/\/fsmcv.org\/vl\/wp-json\/wp\/v2\/types\/mec-events"}],"author":[{"embeddable":true,"href":"https:\/\/fsmcv.org\/vl\/wp-json\/wp\/v2\/users\/17"}],"wp:featuredmedia":[{"embeddable":true,"href":"https:\/\/fsmcv.org\/vl\/wp-json\/wp\/v2\/media\/66475"}],"wp:attachment":[{"href":"https:\/\/fsmcv.org\/vl\/wp-json\/wp\/v2\/media?parent=66476"}],"wp:term":[{"taxonomy":"post_tag","embeddable":true,"href":"https:\/\/fsmcv.org\/vl\/wp-json\/wp\/v2\/tags?post=66476"},{"taxonomy":"mec_category","embeddable":true,"href":"https:\/\/fsmcv.org\/vl\/wp-json\/wp\/v2\/mec_category?post=66476"}],"curies":[{"name":"wp","href":"https:\/\/api.w.org\/{rel}","templated":true}]}}

XLIV Certamen Provincial de Bandes de Música 2023 de la Diputació de Castellón

<p>Lloc de realització: Auditori i Palau de Congressos, Castelló</p>
