{"id":67310,"date":"2023-07-06T12:29:32","date_gmt":"2023-07-06T10:29:32","guid":{"rendered":"https:\/\/fsmcv.org\/agenda\/pre-certamen-135e-certamen-internacional-de-bandes-de-musica-ciutat-de-valencia-2023\/"},"modified":"2023-07-06T12:29:32","modified_gmt":"2023-07-06T10:29:32","slug":"pre-certamen-135e-certamen-internacional-de-bandes-de-musica-ciutat-de-valencia-2023","status":"publish","type":"mec-events","link":"https:\/\/fsmcv.org\/vl\/agenda\/pre-certamen-135e-certamen-internacional-de-bandes-de-musica-ciutat-de-valencia-2023\/","title":{"rendered":"Pre-certamen &#8211; 135\u00e9 Certamen Internacional de Bandes de M\u00fasica &#8220;Ciutat de Val\u00e8ncia&#8221; 2023"},"content":{"rendered":"<p>Lloc de realitzaci\u00f3: Mercat de Col\u00f3n<\/p>\n<p>Participa: Banda Juvenil del Centre Art\u00edstic Musical de Moncada <\/p>\n","protected":false},"excerpt":{"rendered":"<p>Lloc de realitzaci\u00f3: Mercat de Col\u00f3n Participa: Banda Juvenil del Centre Art\u00edstic Musical de Moncada<\/p>\n","protected":false},"author":17,"featured_media":67276,"template":"","tags":[],"mec_category":[220],"class_list":["post-67310","mec-events","type-mec-events","status-publish","has-post-thumbnail","hentry","mec_category-concerts"],"_links":{"self":[{"href":"https:\/\/fsmcv.org\/vl\/wp-json\/wp\/v2\/mec-events\/67310","targetHints":{"allow":["GET"]}}],"collection":[{"href":"https:\/\/fsmcv.org\/vl\/wp-json\/wp\/v2\/mec-events"}],"about":[{"href":"https:\/\/fsmcv.org\/vl\/wp-json\/wp\/v2\/types\/mec-events"}],"author":[{"embeddable":true,"href":"https:\/\/fsmcv.org\/vl\/wp-json\/wp\/v2\/users\/17"}],"wp:featuredmedia":[{"embeddable":true,"href":"https:\/\/fsmcv.org\/vl\/wp-json\/wp\/v2\/media\/67276"}],"wp:attachment":[{"href":"https:\/\/fsmcv.org\/vl\/wp-json\/wp\/v2\/media?parent=67310"}],"wp:term":[{"taxonomy":"post_tag","embeddable":true,"href":"https:\/\/fsmcv.org\/vl\/wp-json\/wp\/v2\/tags?post=67310"},{"taxonomy":"mec_category","embeddable":true,"href":"https:\/\/fsmcv.org\/vl\/wp-json\/wp\/v2\/mec_category?post=67310"}],"curies":[{"name":"wp","href":"https:\/\/api.w.org\/{rel}","templated":true}]}}

Pre-certamen &#8211; 135é Certamen Internacional de Bandes de Música &#8220;Ciutat de València&#8221; 2023

<p>Lloc de realització: Mercat de Colón</p>
<p>Participa: Banda Juvenil del Centre Artístic Musical de Moncada </p>

<p>Lloc de realització: Mercat de Colón Participa: Banda Juvenil del Centre Artístic Musical de Moncada</p>
