{"id":67314,"date":"2023-07-06T12:36:23","date_gmt":"2023-07-06T10:36:23","guid":{"rendered":"https:\/\/fsmcv.org\/agenda\/pre-certamen-135e-certamen-internacional-de-bandes-de-musica-ciutat-de-valencia-2023-3\/"},"modified":"2023-07-06T12:36:23","modified_gmt":"2023-07-06T10:36:23","slug":"pre-certamen-135e-certamen-internacional-de-bandes-de-musica-ciutat-de-valencia-2023-3","status":"publish","type":"mec-events","link":"https:\/\/fsmcv.org\/vl\/agenda\/pre-certamen-135e-certamen-internacional-de-bandes-de-musica-ciutat-de-valencia-2023-3\/","title":{"rendered":"Pre-certamen &#8211; 135\u00e9 Certamen Internacional de Bandes de M\u00fasica &#8220;Ciutat de Val\u00e8ncia&#8221; 2023"},"content":{"rendered":"<p>Lloc de realitzaci\u00f3: Carpesa &#8211; Pla\u00e7a Vicent Gil Ros<\/p>\n<p>Participa: Associaci\u00f3 Cultural Quart Jazz<\/p>\n","protected":false},"excerpt":{"rendered":"<p>Lloc de realitzaci\u00f3: Carpesa &#8211; Pla\u00e7a Vicent Gil Ros Participa: Associaci\u00f3 Cultural Quart Jazz<\/p>\n","protected":false},"author":17,"featured_media":67276,"template":"","tags":[],"mec_category":[220],"class_list":["post-67314","mec-events","type-mec-events","status-publish","has-post-thumbnail","hentry","mec_category-concerts"],"_links":{"self":[{"href":"https:\/\/fsmcv.org\/vl\/wp-json\/wp\/v2\/mec-events\/67314","targetHints":{"allow":["GET"]}}],"collection":[{"href":"https:\/\/fsmcv.org\/vl\/wp-json\/wp\/v2\/mec-events"}],"about":[{"href":"https:\/\/fsmcv.org\/vl\/wp-json\/wp\/v2\/types\/mec-events"}],"author":[{"embeddable":true,"href":"https:\/\/fsmcv.org\/vl\/wp-json\/wp\/v2\/users\/17"}],"wp:featuredmedia":[{"embeddable":true,"href":"https:\/\/fsmcv.org\/vl\/wp-json\/wp\/v2\/media\/67276"}],"wp:attachment":[{"href":"https:\/\/fsmcv.org\/vl\/wp-json\/wp\/v2\/media?parent=67314"}],"wp:term":[{"taxonomy":"post_tag","embeddable":true,"href":"https:\/\/fsmcv.org\/vl\/wp-json\/wp\/v2\/tags?post=67314"},{"taxonomy":"mec_category","embeddable":true,"href":"https:\/\/fsmcv.org\/vl\/wp-json\/wp\/v2\/mec_category?post=67314"}],"curies":[{"name":"wp","href":"https:\/\/api.w.org\/{rel}","templated":true}]}}

Pre-certamen &#8211; 135é Certamen Internacional de Bandes de Música &#8220;Ciutat de València&#8221; 2023

<p>Lloc de realització: Carpesa &#8211; Plaça Vicent Gil Ros</p>
<p>Participa: Associació Cultural Quart Jazz</p>

<p>Lloc de realització: Carpesa &#8211; Plaça Vicent Gil Ros Participa: Associació Cultural Quart Jazz</p>
