{"id":67325,"date":"2023-07-07T09:51:52","date_gmt":"2023-07-07T07:51:52","guid":{"rendered":"https:\/\/fsmcv.org\/agenda\/concert-de-la-orquestra-simfonica-de-la-unio-musical-de-lliria\/"},"modified":"2023-07-07T09:51:52","modified_gmt":"2023-07-07T07:51:52","slug":"concert-de-la-orquestra-simfonica-de-la-unio-musical-de-lliria","status":"publish","type":"mec-events","link":"https:\/\/fsmcv.org\/vl\/agenda\/concert-de-la-orquestra-simfonica-de-la-unio-musical-de-lliria\/","title":{"rendered":"Concert de la Orquestra Simf\u00f2nica de la Uni\u00f3 Musical de Lliria"},"content":{"rendered":"<p>Lloc de realitzaci\u00f3: Teatre de la Uni\u00f3 Musical de Lliria<\/p>\n","protected":false},"excerpt":{"rendered":"<p>Lloc de realitzaci\u00f3: Teatre de la Uni\u00f3 Musical de Lliria<\/p>\n","protected":false},"author":17,"featured_media":67324,"template":"","tags":[],"mec_category":[220],"class_list":["post-67325","mec-events","type-mec-events","status-publish","has-post-thumbnail","hentry","mec_category-concerts"],"_links":{"self":[{"href":"https:\/\/fsmcv.org\/vl\/wp-json\/wp\/v2\/mec-events\/67325","targetHints":{"allow":["GET"]}}],"collection":[{"href":"https:\/\/fsmcv.org\/vl\/wp-json\/wp\/v2\/mec-events"}],"about":[{"href":"https:\/\/fsmcv.org\/vl\/wp-json\/wp\/v2\/types\/mec-events"}],"author":[{"embeddable":true,"href":"https:\/\/fsmcv.org\/vl\/wp-json\/wp\/v2\/users\/17"}],"wp:featuredmedia":[{"embeddable":true,"href":"https:\/\/fsmcv.org\/vl\/wp-json\/wp\/v2\/media\/67324"}],"wp:attachment":[{"href":"https:\/\/fsmcv.org\/vl\/wp-json\/wp\/v2\/media?parent=67325"}],"wp:term":[{"taxonomy":"post_tag","embeddable":true,"href":"https:\/\/fsmcv.org\/vl\/wp-json\/wp\/v2\/tags?post=67325"},{"taxonomy":"mec_category","embeddable":true,"href":"https:\/\/fsmcv.org\/vl\/wp-json\/wp\/v2\/mec_category?post=67325"}],"curies":[{"name":"wp","href":"https:\/\/api.w.org\/{rel}","templated":true}]}}

Concert de la Orquestra Simfònica de la Unió Musical de Lliria

<p>Lloc de realització: Teatre de la Unió Musical de Lliria</p>
