{"id":68310,"date":"2023-08-30T08:51:59","date_gmt":"2023-08-30T06:51:59","guid":{"rendered":"https:\/\/fsmcv.org\/agenda\/exposicio-les-nostres-compositores-agrupacio-musical-santa-cecilia-de-canet-lo-roig\/"},"modified":"2023-08-30T08:51:59","modified_gmt":"2023-08-30T06:51:59","slug":"exposicio-les-nostres-compositores-agrupacio-musical-santa-cecilia-de-canet-lo-roig","status":"publish","type":"mec-events","link":"https:\/\/fsmcv.org\/vl\/agenda\/exposicio-les-nostres-compositores-agrupacio-musical-santa-cecilia-de-canet-lo-roig\/","title":{"rendered":"Exposici\u00f3 &#8220;Les Nostres Compositores&#8221; &#8211; Agrupaci\u00f3 Musical Santa Cecilia de Canet lo Roig"},"content":{"rendered":"<p>La inauguraci\u00f3 tindr\u00e0 lloc en el Palau dels Piquets (Carrer Escola, 2) de Canet lo Roig dissabte que ve 2 de setembre de 2023 a les 12:00h.<\/p>\n","protected":false},"excerpt":{"rendered":"<p>La inauguraci\u00f3 tindr\u00e0 lloc en el Palau dels Piquets (Carrer Escola, 2) de Canet lo Roig dissabte que ve 2 de setembre de 2023 a les 12:00h.<\/p>\n","protected":false},"author":17,"featured_media":68309,"template":"","tags":[],"mec_category":[583],"class_list":["post-68310","mec-events","type-mec-events","status-publish","has-post-thumbnail","hentry","mec_category-exposicions"],"_links":{"self":[{"href":"https:\/\/fsmcv.org\/vl\/wp-json\/wp\/v2\/mec-events\/68310","targetHints":{"allow":["GET"]}}],"collection":[{"href":"https:\/\/fsmcv.org\/vl\/wp-json\/wp\/v2\/mec-events"}],"about":[{"href":"https:\/\/fsmcv.org\/vl\/wp-json\/wp\/v2\/types\/mec-events"}],"author":[{"embeddable":true,"href":"https:\/\/fsmcv.org\/vl\/wp-json\/wp\/v2\/users\/17"}],"wp:featuredmedia":[{"embeddable":true,"href":"https:\/\/fsmcv.org\/vl\/wp-json\/wp\/v2\/media\/68309"}],"wp:attachment":[{"href":"https:\/\/fsmcv.org\/vl\/wp-json\/wp\/v2\/media?parent=68310"}],"wp:term":[{"taxonomy":"post_tag","embeddable":true,"href":"https:\/\/fsmcv.org\/vl\/wp-json\/wp\/v2\/tags?post=68310"},{"taxonomy":"mec_category","embeddable":true,"href":"https:\/\/fsmcv.org\/vl\/wp-json\/wp\/v2\/mec_category?post=68310"}],"curies":[{"name":"wp","href":"https:\/\/api.w.org\/{rel}","templated":true}]}}

Exposició &#8220;Les Nostres Compositores&#8221; &#8211; Agrupació Musical Santa Cecilia de Canet lo Roig

<p>La inauguració tindrà lloc en el Palau dels Piquets (Carrer Escola, 2) de Canet lo Roig dissabte que ve 2 de setembre de 2023 a les 12:00h.</p>
