{"id":68778,"date":"2023-09-29T11:46:36","date_gmt":"2023-09-29T09:46:36","guid":{"rendered":"https:\/\/fsmcv.org\/agenda\/cicle-de-concerts-fsmcv-de-musica-de-cambra-unio-musical-daldaia\/"},"modified":"2023-10-17T13:40:35","modified_gmt":"2023-10-17T11:40:35","slug":"cicle-de-concerts-fsmcv-de-musica-de-cambra-unio-musical-daldaia","status":"publish","type":"mec-events","link":"https:\/\/fsmcv.org\/vl\/agenda\/cicle-de-concerts-fsmcv-de-musica-de-cambra-unio-musical-daldaia\/","title":{"rendered":"Cicle de Concerts FSMCV de M\u00fasica de Cambra &#8211; Uni\u00f3 Musical d&#8217;Aldaia"},"content":{"rendered":"<p>Lloc realitzaci\u00f3: Alqueria Juli\u00e0-Casa de la M\u00fasica (C\/ de la Democr\u00e0cia, 62, Val\u00e8ncia)<\/p>\n","protected":false},"excerpt":{"rendered":"<p>Lloc realitzaci\u00f3: Alqueria Juli\u00e0-Casa de la M\u00fasica (C\/ de la Democr\u00e0cia, 62, Val\u00e8ncia)<\/p>\n","protected":false},"author":17,"featured_media":68968,"template":"","tags":[],"mec_category":[220],"class_list":["post-68778","mec-events","type-mec-events","status-publish","has-post-thumbnail","hentry","mec_category-concerts"],"_links":{"self":[{"href":"https:\/\/fsmcv.org\/vl\/wp-json\/wp\/v2\/mec-events\/68778","targetHints":{"allow":["GET"]}}],"collection":[{"href":"https:\/\/fsmcv.org\/vl\/wp-json\/wp\/v2\/mec-events"}],"about":[{"href":"https:\/\/fsmcv.org\/vl\/wp-json\/wp\/v2\/types\/mec-events"}],"author":[{"embeddable":true,"href":"https:\/\/fsmcv.org\/vl\/wp-json\/wp\/v2\/users\/17"}],"wp:featuredmedia":[{"embeddable":true,"href":"https:\/\/fsmcv.org\/vl\/wp-json\/wp\/v2\/media\/68968"}],"wp:attachment":[{"href":"https:\/\/fsmcv.org\/vl\/wp-json\/wp\/v2\/media?parent=68778"}],"wp:term":[{"taxonomy":"post_tag","embeddable":true,"href":"https:\/\/fsmcv.org\/vl\/wp-json\/wp\/v2\/tags?post=68778"},{"taxonomy":"mec_category","embeddable":true,"href":"https:\/\/fsmcv.org\/vl\/wp-json\/wp\/v2\/mec_category?post=68778"}],"curies":[{"name":"wp","href":"https:\/\/api.w.org\/{rel}","templated":true}]}}

Cicle de Concerts FSMCV de Música de Cambra &#8211; Unió Musical d&#8217;Aldaia

<p>Lloc realització: Alqueria Julià-Casa de la Música (C/ de la Democràcia, 62, València)</p>
