{"id":68803,"date":"2023-10-03T13:26:42","date_gmt":"2023-10-03T11:26:42","guid":{"rendered":"https:\/\/fsmcv.org\/agenda\/concerts-de-bandes-de-musica-amb-motiu-del-9-doctubre\/"},"modified":"2023-10-03T13:26:42","modified_gmt":"2023-10-03T11:26:42","slug":"concerts-de-bandes-de-musica-amb-motiu-del-9-doctubre","status":"publish","type":"mec-events","link":"https:\/\/fsmcv.org\/vl\/agenda\/concerts-de-bandes-de-musica-amb-motiu-del-9-doctubre\/","title":{"rendered":"Concerts de Bandes de M\u00fasica amb motiu del 9 d&#8217;octubre"},"content":{"rendered":"<p>Societat Musical: Uni\u00f3 L\u00edrica Pinosense del Pin\u00f3s<span data-sheets-value=\"{\"1\":2,\"2\":\"UNI\u00d3N L\u00cdRICA PINOSENSE DE PINOSO\"}\" data-sheets-userformat=\"{\"2\":513,\"3\":{\"1\":0},\"12\":0}\"><\/span><\/p>\n<p>Lloc de realitzaci\u00f3: Passeig de l&#8217;Esplanada (Alacant)<span data-sheets-value=\"{\"1\":2,\"2\":\"Paseo de la Explanada (Alicante)\"}\" data-sheets-userformat=\"{\"2\":513,\"3\":{\"1\":0},\"12\":0}\"><\/span><\/p>\n<p>&nbsp;<\/p>\n","protected":false},"excerpt":{"rendered":"<p>Societat Musical: Uni\u00f3 L\u00edrica Pinosense del Pin\u00f3s Lloc de realitzaci\u00f3: Passeig de l&#8217;Esplanada (Alacant) &nbsp;<\/p>\n","protected":false},"author":17,"featured_media":68802,"template":"","tags":[],"mec_category":[],"class_list":["post-68803","mec-events","type-mec-events","status-publish","has-post-thumbnail","hentry"],"_links":{"self":[{"href":"https:\/\/fsmcv.org\/vl\/wp-json\/wp\/v2\/mec-events\/68803","targetHints":{"allow":["GET"]}}],"collection":[{"href":"https:\/\/fsmcv.org\/vl\/wp-json\/wp\/v2\/mec-events"}],"about":[{"href":"https:\/\/fsmcv.org\/vl\/wp-json\/wp\/v2\/types\/mec-events"}],"author":[{"embeddable":true,"href":"https:\/\/fsmcv.org\/vl\/wp-json\/wp\/v2\/users\/17"}],"wp:featuredmedia":[{"embeddable":true,"href":"https:\/\/fsmcv.org\/vl\/wp-json\/wp\/v2\/media\/68802"}],"wp:attachment":[{"href":"https:\/\/fsmcv.org\/vl\/wp-json\/wp\/v2\/media?parent=68803"}],"wp:term":[{"taxonomy":"post_tag","embeddable":true,"href":"https:\/\/fsmcv.org\/vl\/wp-json\/wp\/v2\/tags?post=68803"},{"taxonomy":"mec_category","embeddable":true,"href":"https:\/\/fsmcv.org\/vl\/wp-json\/wp\/v2\/mec_category?post=68803"}],"curies":[{"name":"wp","href":"https:\/\/api.w.org\/{rel}","templated":true}]}}

Concerts de Bandes de Música amb motiu del 9 d&#8217;octubre

<p>Societat Musical: Unió Lírica Pinosense del Pinós<span data-sheets-value="{"1":2,"2":"UNIÓN LÍRICA PINOSENSE DE PINOSO"}" data-sheets-userformat="{"2":513,"3":{"1":0},"12":0}"></span></p>
<p>Lloc de realització: Passeig de l&#8217;Esplanada (Alacant)<span data-sheets-value="{"1":2,"2":"Paseo de la Explanada (Alicante)"}" data-sheets-userformat="{"2":513,"3":{"1":0},"12":0}"></span></p>
<p>&nbsp;</p>

<p>Societat Musical: Unió Lírica Pinosense del Pinós Lloc de realització: Passeig de l&#8217;Esplanada (Alacant) &nbsp;</p>
