{"id":69818,"date":"2023-11-16T17:25:22","date_gmt":"2023-11-16T16:25:22","guid":{"rendered":"https:\/\/fsmcv.org\/agenda\/premis-euterpe-angel-asuncion\/"},"modified":"2023-11-16T17:25:22","modified_gmt":"2023-11-16T16:25:22","slug":"premis-euterpe-angel-asuncion","status":"publish","type":"mec-events","link":"https:\/\/fsmcv.org\/vl\/agenda\/premis-euterpe-angel-asuncion\/","title":{"rendered":"Premis Euterpe &#8211; \u00c1ngel Asunci\u00f3n"},"content":{"rendered":"<p>Lloc de realitzaci\u00f3: Palau de la Generalitat (C\/ dels Cavallers,, 2, Val\u00e8ncia)<\/p>\n","protected":false},"excerpt":{"rendered":"<p>Lloc de realitzaci\u00f3: Palau de la Generalitat (C\/ dels Cavallers,, 2, Val\u00e8ncia)<\/p>\n","protected":false},"author":17,"featured_media":69817,"template":"","tags":[],"mec_category":[617],"class_list":["post-69818","mec-events","type-mec-events","status-publish","has-post-thumbnail","hentry","mec_category-premis"],"_links":{"self":[{"href":"https:\/\/fsmcv.org\/vl\/wp-json\/wp\/v2\/mec-events\/69818","targetHints":{"allow":["GET"]}}],"collection":[{"href":"https:\/\/fsmcv.org\/vl\/wp-json\/wp\/v2\/mec-events"}],"about":[{"href":"https:\/\/fsmcv.org\/vl\/wp-json\/wp\/v2\/types\/mec-events"}],"author":[{"embeddable":true,"href":"https:\/\/fsmcv.org\/vl\/wp-json\/wp\/v2\/users\/17"}],"wp:featuredmedia":[{"embeddable":true,"href":"https:\/\/fsmcv.org\/vl\/wp-json\/wp\/v2\/media\/69817"}],"wp:attachment":[{"href":"https:\/\/fsmcv.org\/vl\/wp-json\/wp\/v2\/media?parent=69818"}],"wp:term":[{"taxonomy":"post_tag","embeddable":true,"href":"https:\/\/fsmcv.org\/vl\/wp-json\/wp\/v2\/tags?post=69818"},{"taxonomy":"mec_category","embeddable":true,"href":"https:\/\/fsmcv.org\/vl\/wp-json\/wp\/v2\/mec_category?post=69818"}],"curies":[{"name":"wp","href":"https:\/\/api.w.org\/{rel}","templated":true}]}}

Premis Euterpe &#8211; Ángel Asunción

<p>Lloc de realització: Palau de la Generalitat (C/ dels Cavallers,, 2, València)</p>
