{"id":69829,"date":"2023-11-16T17:51:46","date_gmt":"2023-11-16T16:51:46","guid":{"rendered":"https:\/\/fsmcv.org\/agenda\/concert-santa-cecilia-i-commemoracio-150e-aniversari-de-la-va-unir-musical-artanense\/"},"modified":"2023-11-16T17:51:46","modified_gmt":"2023-11-16T16:51:46","slug":"concert-santa-cecilia-i-commemoracio-150e-aniversari-de-la-va-unir-musical-artanense","status":"publish","type":"mec-events","link":"https:\/\/fsmcv.org\/vl\/agenda\/concert-santa-cecilia-i-commemoracio-150e-aniversari-de-la-va-unir-musical-artanense\/","title":{"rendered":"Concert Santa Cecilia i commemoraci\u00f3 150\u00e9 Aniversari de la Va unir Musical Artanense"},"content":{"rendered":"<p>Lloc de realitzaci\u00f3: Auditori Municipal (Artana, Castell\u00f3 de la Plana)<\/p>\n","protected":false},"excerpt":{"rendered":"<p>Lloc de realitzaci\u00f3: Auditori Municipal (Artana, Castell\u00f3 de la Plana)<\/p>\n","protected":false},"author":17,"featured_media":69828,"template":"","tags":[],"mec_category":[220],"class_list":["post-69829","mec-events","type-mec-events","status-publish","has-post-thumbnail","hentry","mec_category-concerts"],"_links":{"self":[{"href":"https:\/\/fsmcv.org\/vl\/wp-json\/wp\/v2\/mec-events\/69829","targetHints":{"allow":["GET"]}}],"collection":[{"href":"https:\/\/fsmcv.org\/vl\/wp-json\/wp\/v2\/mec-events"}],"about":[{"href":"https:\/\/fsmcv.org\/vl\/wp-json\/wp\/v2\/types\/mec-events"}],"author":[{"embeddable":true,"href":"https:\/\/fsmcv.org\/vl\/wp-json\/wp\/v2\/users\/17"}],"wp:featuredmedia":[{"embeddable":true,"href":"https:\/\/fsmcv.org\/vl\/wp-json\/wp\/v2\/media\/69828"}],"wp:attachment":[{"href":"https:\/\/fsmcv.org\/vl\/wp-json\/wp\/v2\/media?parent=69829"}],"wp:term":[{"taxonomy":"post_tag","embeddable":true,"href":"https:\/\/fsmcv.org\/vl\/wp-json\/wp\/v2\/tags?post=69829"},{"taxonomy":"mec_category","embeddable":true,"href":"https:\/\/fsmcv.org\/vl\/wp-json\/wp\/v2\/mec_category?post=69829"}],"curies":[{"name":"wp","href":"https:\/\/api.w.org\/{rel}","templated":true}]}}

Concert Santa Cecilia i commemoració 150é Aniversari de la Va unir Musical Artanense

<p>Lloc de realització: Auditori Municipal (Artana, Castelló de la Plana)</p>
