{"id":69840,"date":"2023-11-16T18:45:37","date_gmt":"2023-11-16T17:45:37","guid":{"rendered":"https:\/\/fsmcv.org\/agenda\/concert-santa-cecilia-de-la-societat-lirica-i-musical-de-benissa-2\/"},"modified":"2023-11-16T18:45:37","modified_gmt":"2023-11-16T17:45:37","slug":"concert-santa-cecilia-de-la-societat-lirica-i-musical-de-benissa-2","status":"publish","type":"mec-events","link":"https:\/\/fsmcv.org\/vl\/agenda\/concert-santa-cecilia-de-la-societat-lirica-i-musical-de-benissa-2\/","title":{"rendered":"Concert Santa Cec\u00edlia de la Societat L\u00edrica i Musical de Benissa"},"content":{"rendered":"<p>Lloc de realitzaci\u00f3: Auditori Teulada-Moraira<\/p>\n","protected":false},"excerpt":{"rendered":"<p>Lloc de realitzaci\u00f3: Auditori Teulada-Moraira<\/p>\n","protected":false},"author":17,"featured_media":69799,"template":"","tags":[],"mec_category":[220],"class_list":["post-69840","mec-events","type-mec-events","status-publish","has-post-thumbnail","hentry","mec_category-concerts"],"_links":{"self":[{"href":"https:\/\/fsmcv.org\/vl\/wp-json\/wp\/v2\/mec-events\/69840","targetHints":{"allow":["GET"]}}],"collection":[{"href":"https:\/\/fsmcv.org\/vl\/wp-json\/wp\/v2\/mec-events"}],"about":[{"href":"https:\/\/fsmcv.org\/vl\/wp-json\/wp\/v2\/types\/mec-events"}],"author":[{"embeddable":true,"href":"https:\/\/fsmcv.org\/vl\/wp-json\/wp\/v2\/users\/17"}],"wp:featuredmedia":[{"embeddable":true,"href":"https:\/\/fsmcv.org\/vl\/wp-json\/wp\/v2\/media\/69799"}],"wp:attachment":[{"href":"https:\/\/fsmcv.org\/vl\/wp-json\/wp\/v2\/media?parent=69840"}],"wp:term":[{"taxonomy":"post_tag","embeddable":true,"href":"https:\/\/fsmcv.org\/vl\/wp-json\/wp\/v2\/tags?post=69840"},{"taxonomy":"mec_category","embeddable":true,"href":"https:\/\/fsmcv.org\/vl\/wp-json\/wp\/v2\/mec_category?post=69840"}],"curies":[{"name":"wp","href":"https:\/\/api.w.org\/{rel}","templated":true}]}}

Concert Santa Cecília de la Societat Lírica i Musical de Benissa

<p>Lloc de realització: Auditori Teulada-Moraira</p>
