{"id":69877,"date":"2023-11-17T10:28:39","date_gmt":"2023-11-17T09:28:39","guid":{"rendered":"https:\/\/fsmcv.org\/agenda\/concert-santa-cecilia-de-la-unio-musical-santa-cecilia-de-xilxes\/"},"modified":"2023-11-17T10:28:39","modified_gmt":"2023-11-17T09:28:39","slug":"concert-santa-cecilia-de-la-unio-musical-santa-cecilia-de-xilxes","status":"publish","type":"mec-events","link":"https:\/\/fsmcv.org\/vl\/agenda\/concert-santa-cecilia-de-la-unio-musical-santa-cecilia-de-xilxes\/","title":{"rendered":"Concert Santa Cec\u00edlia de la Uni\u00f3 Musical Santa Cec\u00edlia de Xilxes"},"content":{"rendered":"<p>Lloc de realitzaci\u00f3: Teatre Municipal de Xilxes (Castell\u00f3 de la Plana)<\/p>\n","protected":false},"excerpt":{"rendered":"<p>Lloc de realitzaci\u00f3: Teatre Municipal de Xilxes (Castell\u00f3 de la Plana)<\/p>\n","protected":false},"author":17,"featured_media":69876,"template":"","tags":[],"mec_category":[220],"class_list":["post-69877","mec-events","type-mec-events","status-publish","has-post-thumbnail","hentry","mec_category-concerts"],"_links":{"self":[{"href":"https:\/\/fsmcv.org\/vl\/wp-json\/wp\/v2\/mec-events\/69877","targetHints":{"allow":["GET"]}}],"collection":[{"href":"https:\/\/fsmcv.org\/vl\/wp-json\/wp\/v2\/mec-events"}],"about":[{"href":"https:\/\/fsmcv.org\/vl\/wp-json\/wp\/v2\/types\/mec-events"}],"author":[{"embeddable":true,"href":"https:\/\/fsmcv.org\/vl\/wp-json\/wp\/v2\/users\/17"}],"wp:featuredmedia":[{"embeddable":true,"href":"https:\/\/fsmcv.org\/vl\/wp-json\/wp\/v2\/media\/69876"}],"wp:attachment":[{"href":"https:\/\/fsmcv.org\/vl\/wp-json\/wp\/v2\/media?parent=69877"}],"wp:term":[{"taxonomy":"post_tag","embeddable":true,"href":"https:\/\/fsmcv.org\/vl\/wp-json\/wp\/v2\/tags?post=69877"},{"taxonomy":"mec_category","embeddable":true,"href":"https:\/\/fsmcv.org\/vl\/wp-json\/wp\/v2\/mec_category?post=69877"}],"curies":[{"name":"wp","href":"https:\/\/api.w.org\/{rel}","templated":true}]}}

Concert Santa Cecília de la Unió Musical Santa Cecília de Xilxes

<p>Lloc de realització: Teatre Municipal de Xilxes (Castelló de la Plana)</p>
