{"id":69909,"date":"2023-11-17T13:17:04","date_gmt":"2023-11-17T12:17:04","guid":{"rendered":"https:\/\/fsmcv.org\/agenda\/concert-santa-cecilia-de-la-agrupacio-musical-lamistat-de-quart-de-poblet\/"},"modified":"2023-11-17T13:17:04","modified_gmt":"2023-11-17T12:17:04","slug":"concert-santa-cecilia-de-la-agrupacio-musical-lamistat-de-quart-de-poblet","status":"publish","type":"mec-events","link":"https:\/\/fsmcv.org\/vl\/agenda\/concert-santa-cecilia-de-la-agrupacio-musical-lamistat-de-quart-de-poblet\/","title":{"rendered":"Concert Santa Cec\u00edlia de la Agrupaci\u00f3 Musical L&#8217;Amistat de Quart de Poblet"},"content":{"rendered":"<p>Lloc de realitzaci\u00f3: <span data-sheets-value=\"{\"1\":2,\"2\":\"Auditori Mol\u00ed de Vila de Quart de Poblet\"}\" data-sheets-userformat=\"{\"2\":4995,\"3\":{\"1\":0},\"4\":{\"1\":2,\"2\":16776960},\"10\":2,\"11\":0,\"12\":0,\"15\":\"Arial\"}\">Auditori Mol\u00ed de Vila de Quart de Poblet<\/span><\/p>\n","protected":false},"excerpt":{"rendered":"<p>Lloc de realitzaci\u00f3: Auditori Mol\u00ed de Vila de Quart de Poblet<\/p>\n","protected":false},"author":17,"featured_media":69907,"template":"","tags":[],"mec_category":[220],"class_list":["post-69909","mec-events","type-mec-events","status-publish","has-post-thumbnail","hentry","mec_category-concerts"],"_links":{"self":[{"href":"https:\/\/fsmcv.org\/vl\/wp-json\/wp\/v2\/mec-events\/69909","targetHints":{"allow":["GET"]}}],"collection":[{"href":"https:\/\/fsmcv.org\/vl\/wp-json\/wp\/v2\/mec-events"}],"about":[{"href":"https:\/\/fsmcv.org\/vl\/wp-json\/wp\/v2\/types\/mec-events"}],"author":[{"embeddable":true,"href":"https:\/\/fsmcv.org\/vl\/wp-json\/wp\/v2\/users\/17"}],"wp:featuredmedia":[{"embeddable":true,"href":"https:\/\/fsmcv.org\/vl\/wp-json\/wp\/v2\/media\/69907"}],"wp:attachment":[{"href":"https:\/\/fsmcv.org\/vl\/wp-json\/wp\/v2\/media?parent=69909"}],"wp:term":[{"taxonomy":"post_tag","embeddable":true,"href":"https:\/\/fsmcv.org\/vl\/wp-json\/wp\/v2\/tags?post=69909"},{"taxonomy":"mec_category","embeddable":true,"href":"https:\/\/fsmcv.org\/vl\/wp-json\/wp\/v2\/mec_category?post=69909"}],"curies":[{"name":"wp","href":"https:\/\/api.w.org\/{rel}","templated":true}]}}

Concert Santa Cecília de la Agrupació Musical L&#8217;Amistat de Quart de Poblet

<p>Lloc de realització: <span data-sheets-value="{"1":2,"2":"Auditori Molí de Vila de Quart de Poblet"}" data-sheets-userformat="{"2":4995,"3":{"1":0},"4":{"1":2,"2":16776960},"10":2,"11":0,"12":0,"15":"Arial"}">Auditori Molí de Vila de Quart de Poblet</span></p>

<p>Lloc de realització: Auditori Molí de Vila de Quart de Poblet</p>
