{"id":70269,"date":"2023-11-30T12:14:55","date_gmt":"2023-11-30T11:14:55","guid":{"rendered":"https:\/\/fsmcv.org\/agenda\/conciert-de-santa-cecilia-unio-artistica-musical-de-navajas\/"},"modified":"2023-11-30T12:14:55","modified_gmt":"2023-11-30T11:14:55","slug":"conciert-de-santa-cecilia-unio-artistica-musical-de-navajas","status":"publish","type":"mec-events","link":"https:\/\/fsmcv.org\/vl\/agenda\/conciert-de-santa-cecilia-unio-artistica-musical-de-navajas\/","title":{"rendered":"Conciert de Santa Cecilia &#8211; Uni\u00f3 Art\u00edstica Musical de Navajas"},"content":{"rendered":"<p>Lloc de realitzaci\u00f3: Amuna, Navajas<\/p>\n","protected":false},"excerpt":{"rendered":"<p>Lloc de realitzaci\u00f3: Amuna, Navajas<\/p>\n","protected":false},"author":17,"featured_media":70258,"template":"","tags":[],"mec_category":[220],"class_list":["post-70269","mec-events","type-mec-events","status-publish","has-post-thumbnail","hentry","mec_category-concerts"],"_links":{"self":[{"href":"https:\/\/fsmcv.org\/vl\/wp-json\/wp\/v2\/mec-events\/70269","targetHints":{"allow":["GET"]}}],"collection":[{"href":"https:\/\/fsmcv.org\/vl\/wp-json\/wp\/v2\/mec-events"}],"about":[{"href":"https:\/\/fsmcv.org\/vl\/wp-json\/wp\/v2\/types\/mec-events"}],"author":[{"embeddable":true,"href":"https:\/\/fsmcv.org\/vl\/wp-json\/wp\/v2\/users\/17"}],"wp:featuredmedia":[{"embeddable":true,"href":"https:\/\/fsmcv.org\/vl\/wp-json\/wp\/v2\/media\/70258"}],"wp:attachment":[{"href":"https:\/\/fsmcv.org\/vl\/wp-json\/wp\/v2\/media?parent=70269"}],"wp:term":[{"taxonomy":"post_tag","embeddable":true,"href":"https:\/\/fsmcv.org\/vl\/wp-json\/wp\/v2\/tags?post=70269"},{"taxonomy":"mec_category","embeddable":true,"href":"https:\/\/fsmcv.org\/vl\/wp-json\/wp\/v2\/mec_category?post=70269"}],"curies":[{"name":"wp","href":"https:\/\/api.w.org\/{rel}","templated":true}]}}

Conciert de Santa Cecilia &#8211; Unió Artística Musical de Navajas

<p>Lloc de realització: Amuna, Navajas</p>
