{"id":70804,"date":"2024-01-19T08:55:57","date_gmt":"2024-01-19T07:55:57","guid":{"rendered":"https:\/\/fsmcv.org\/agenda\/concert-de-la-banda-simfonica-municipal-de-valencia-dirigida-per-cristobal-soler\/"},"modified":"2024-01-19T09:10:44","modified_gmt":"2024-01-19T08:10:44","slug":"concert-de-la-banda-simfonica-municipal-de-valencia-dirigida-per-cristobal-soler","status":"publish","type":"mec-events","link":"https:\/\/fsmcv.org\/vl\/agenda\/concert-de-la-banda-simfonica-municipal-de-valencia-dirigida-per-cristobal-soler\/","title":{"rendered":"Concert de la Banda Simf\u00f2nica Municipal de Val\u00e8ncia dirigida per Crist\u00f3bal Soler"},"content":{"rendered":"<p>Lloc de realitzaci\u00f3: Sala Iturbi, Palau de la M\u00fasica de Val\u00e8ncia<\/p>\n<p>Adjuntem programa:<a href=\"https:\/\/fsmcv.org\/wp-content\/uploads\/2024\/01\/21-1-24-BSMV-VAL_web.pdf\">Programa Concert 21\/01\/2024<\/a><\/p>\n","protected":false},"excerpt":{"rendered":"<p>Lloc de realitzaci\u00f3: Sala Iturbi, Palau de la M\u00fasica de Val\u00e8ncia Adjuntem programa:Programa Concert 21\/01\/2024<\/p>\n","protected":false},"author":17,"featured_media":70808,"template":"","tags":[],"mec_category":[220],"class_list":["post-70804","mec-events","type-mec-events","status-publish","has-post-thumbnail","hentry","mec_category-concerts"],"_links":{"self":[{"href":"https:\/\/fsmcv.org\/vl\/wp-json\/wp\/v2\/mec-events\/70804","targetHints":{"allow":["GET"]}}],"collection":[{"href":"https:\/\/fsmcv.org\/vl\/wp-json\/wp\/v2\/mec-events"}],"about":[{"href":"https:\/\/fsmcv.org\/vl\/wp-json\/wp\/v2\/types\/mec-events"}],"author":[{"embeddable":true,"href":"https:\/\/fsmcv.org\/vl\/wp-json\/wp\/v2\/users\/17"}],"wp:featuredmedia":[{"embeddable":true,"href":"https:\/\/fsmcv.org\/vl\/wp-json\/wp\/v2\/media\/70808"}],"wp:attachment":[{"href":"https:\/\/fsmcv.org\/vl\/wp-json\/wp\/v2\/media?parent=70804"}],"wp:term":[{"taxonomy":"post_tag","embeddable":true,"href":"https:\/\/fsmcv.org\/vl\/wp-json\/wp\/v2\/tags?post=70804"},{"taxonomy":"mec_category","embeddable":true,"href":"https:\/\/fsmcv.org\/vl\/wp-json\/wp\/v2\/mec_category?post=70804"}],"curies":[{"name":"wp","href":"https:\/\/api.w.org\/{rel}","templated":true}]}}

Concert de la Banda Simfònica Municipal de València dirigida per Cristóbal Soler

<p>Lloc de realització: Sala Iturbi, Palau de la Música de València</p>
<p>Adjuntem programa:<a href="https://fsmcv.org/wp-content/uploads/2024/01/21-1-24-BSMV-VAL_web.pdf">Programa Concert 21/01/2024</a></p>

<p>Lloc de realització: Sala Iturbi, Palau de la Música de València Adjuntem programa:Programa Concert 21/01/2024</p>
