{"id":70814,"date":"2024-01-19T10:36:03","date_gmt":"2024-01-19T09:36:03","guid":{"rendered":"https:\/\/fsmcv.org\/agenda\/concert-a-santa-catalina-centre-estudi-musical-dalmassera\/"},"modified":"2024-01-19T10:36:03","modified_gmt":"2024-01-19T09:36:03","slug":"concert-a-santa-catalina-centre-estudi-musical-dalmassera","status":"publish","type":"mec-events","link":"https:\/\/fsmcv.org\/vl\/agenda\/concert-a-santa-catalina-centre-estudi-musical-dalmassera\/","title":{"rendered":"Concert a Santa Catalina &#8211; Centre Estudi Musical d&#8217;Alm\u00e0ssera"},"content":{"rendered":"<p>Lloc de realitzaci\u00f3: Esgl\u00e9sia de Santa Catalina, Val\u00e8ncia.<\/p>\n","protected":false},"excerpt":{"rendered":"<p>Lloc de realitzaci\u00f3: Esgl\u00e9sia de Santa Catalina, Val\u00e8ncia.<\/p>\n","protected":false},"author":17,"featured_media":70813,"template":"","tags":[],"mec_category":[220],"class_list":["post-70814","mec-events","type-mec-events","status-publish","has-post-thumbnail","hentry","mec_category-concerts"],"_links":{"self":[{"href":"https:\/\/fsmcv.org\/vl\/wp-json\/wp\/v2\/mec-events\/70814","targetHints":{"allow":["GET"]}}],"collection":[{"href":"https:\/\/fsmcv.org\/vl\/wp-json\/wp\/v2\/mec-events"}],"about":[{"href":"https:\/\/fsmcv.org\/vl\/wp-json\/wp\/v2\/types\/mec-events"}],"author":[{"embeddable":true,"href":"https:\/\/fsmcv.org\/vl\/wp-json\/wp\/v2\/users\/17"}],"wp:featuredmedia":[{"embeddable":true,"href":"https:\/\/fsmcv.org\/vl\/wp-json\/wp\/v2\/media\/70813"}],"wp:attachment":[{"href":"https:\/\/fsmcv.org\/vl\/wp-json\/wp\/v2\/media?parent=70814"}],"wp:term":[{"taxonomy":"post_tag","embeddable":true,"href":"https:\/\/fsmcv.org\/vl\/wp-json\/wp\/v2\/tags?post=70814"},{"taxonomy":"mec_category","embeddable":true,"href":"https:\/\/fsmcv.org\/vl\/wp-json\/wp\/v2\/mec_category?post=70814"}],"curies":[{"name":"wp","href":"https:\/\/api.w.org\/{rel}","templated":true}]}}

Concert a Santa Catalina &#8211; Centre Estudi Musical d&#8217;Almàssera

<p>Lloc de realització: Església de Santa Catalina, València.</p>
