{"id":72063,"date":"2024-05-07T12:41:03","date_gmt":"2024-05-07T10:41:03","guid":{"rendered":"https:\/\/fsmcv.org\/agenda\/iii-trobada-descoles-de-musica-baix-maestrat\/"},"modified":"2024-05-07T12:41:03","modified_gmt":"2024-05-07T10:41:03","slug":"iii-trobada-descoles-de-musica-baix-maestrat","status":"publish","type":"mec-events","link":"https:\/\/fsmcv.org\/vl\/agenda\/iii-trobada-descoles-de-musica-baix-maestrat\/","title":{"rendered":"III Trobada d&#8217;Escoles de M\u00fasica Baix Maestrat"},"content":{"rendered":"<p>Lloc de realitzaci\u00f3 Rossell (Castell\u00f3)<\/p>\n","protected":false},"excerpt":{"rendered":"<p>Lloc de realitzaci\u00f3 Rossell (Castell\u00f3)<\/p>\n","protected":false},"author":17,"featured_media":72062,"template":"","tags":[],"mec_category":[579],"class_list":["post-72063","mec-events","type-mec-events","status-publish","has-post-thumbnail","hentry","mec_category-activitats-comarcals"],"_links":{"self":[{"href":"https:\/\/fsmcv.org\/vl\/wp-json\/wp\/v2\/mec-events\/72063","targetHints":{"allow":["GET"]}}],"collection":[{"href":"https:\/\/fsmcv.org\/vl\/wp-json\/wp\/v2\/mec-events"}],"about":[{"href":"https:\/\/fsmcv.org\/vl\/wp-json\/wp\/v2\/types\/mec-events"}],"author":[{"embeddable":true,"href":"https:\/\/fsmcv.org\/vl\/wp-json\/wp\/v2\/users\/17"}],"wp:featuredmedia":[{"embeddable":true,"href":"https:\/\/fsmcv.org\/vl\/wp-json\/wp\/v2\/media\/72062"}],"wp:attachment":[{"href":"https:\/\/fsmcv.org\/vl\/wp-json\/wp\/v2\/media?parent=72063"}],"wp:term":[{"taxonomy":"post_tag","embeddable":true,"href":"https:\/\/fsmcv.org\/vl\/wp-json\/wp\/v2\/tags?post=72063"},{"taxonomy":"mec_category","embeddable":true,"href":"https:\/\/fsmcv.org\/vl\/wp-json\/wp\/v2\/mec_category?post=72063"}],"curies":[{"name":"wp","href":"https:\/\/api.w.org\/{rel}","templated":true}]}}

III Trobada d&#8217;Escoles de Música Baix Maestrat

<p>Lloc de realització Rossell (Castelló)</p>
