{"id":72226,"date":"2024-05-14T11:53:53","date_gmt":"2024-05-14T09:53:53","guid":{"rendered":"https:\/\/fsmcv.org\/agenda\/x-festival-musica-i-familia\/"},"modified":"2024-05-16T12:55:30","modified_gmt":"2024-05-16T10:55:30","slug":"x-festival-musica-i-familia","status":"publish","type":"mec-events","link":"https:\/\/fsmcv.org\/vl\/agenda\/x-festival-musica-i-familia\/","title":{"rendered":"XI Festival M\u00fasica i Fam\u00edlia"},"content":{"rendered":"<p>Lloc de realitzaci\u00f3: Palau Comtal de Cocentaina<\/p>\n","protected":false},"excerpt":{"rendered":"<p>Lloc de realitzaci\u00f3: Palau Comtal de Cocentaina<\/p>\n","protected":false},"author":17,"featured_media":72310,"template":"","tags":[],"mec_category":[223],"class_list":["post-72226","mec-events","type-mec-events","status-publish","has-post-thumbnail","hentry","mec_category-festivals"],"_links":{"self":[{"href":"https:\/\/fsmcv.org\/vl\/wp-json\/wp\/v2\/mec-events\/72226","targetHints":{"allow":["GET"]}}],"collection":[{"href":"https:\/\/fsmcv.org\/vl\/wp-json\/wp\/v2\/mec-events"}],"about":[{"href":"https:\/\/fsmcv.org\/vl\/wp-json\/wp\/v2\/types\/mec-events"}],"author":[{"embeddable":true,"href":"https:\/\/fsmcv.org\/vl\/wp-json\/wp\/v2\/users\/17"}],"wp:featuredmedia":[{"embeddable":true,"href":"https:\/\/fsmcv.org\/vl\/wp-json\/wp\/v2\/media\/72310"}],"wp:attachment":[{"href":"https:\/\/fsmcv.org\/vl\/wp-json\/wp\/v2\/media?parent=72226"}],"wp:term":[{"taxonomy":"post_tag","embeddable":true,"href":"https:\/\/fsmcv.org\/vl\/wp-json\/wp\/v2\/tags?post=72226"},{"taxonomy":"mec_category","embeddable":true,"href":"https:\/\/fsmcv.org\/vl\/wp-json\/wp\/v2\/mec_category?post=72226"}],"curies":[{"name":"wp","href":"https:\/\/api.w.org\/{rel}","templated":true}]}}

XI Festival Música i Família

<p>Lloc de realització: Palau Comtal de Cocentaina</p>
