{"id":72318,"date":"2024-05-16T11:13:16","date_gmt":"2024-05-16T09:13:16","guid":{"rendered":"https:\/\/fsmcv.org\/agenda\/presentacio-concurs-de-flauta-andres-carreres-de-la-societat-artistica-musical-de-benifaio\/"},"modified":"2024-05-16T11:13:16","modified_gmt":"2024-05-16T09:13:16","slug":"presentacio-concurs-de-flauta-andres-carreres-de-la-societat-artistica-musical-de-benifaio","status":"publish","type":"mec-events","link":"https:\/\/fsmcv.org\/vl\/agenda\/presentacio-concurs-de-flauta-andres-carreres-de-la-societat-artistica-musical-de-benifaio\/","title":{"rendered":"Presentaci\u00f3 Concurs de flauta &#8220;Andr\u00e9s Carreres&#8221; de la Societat Art\u00edstica Musical de Benifai\u00f3"},"content":{"rendered":"<p>Lloc de realitzaci\u00f3: Mol\u00ed Vell de Benifai\u00f3<\/p>\n","protected":false},"excerpt":{"rendered":"<p>Lloc de realitzaci\u00f3: Mol\u00ed Vell de Benifai\u00f3<\/p>\n","protected":false},"author":17,"featured_media":0,"template":"","tags":[],"mec_category":[],"class_list":["post-72318","mec-events","type-mec-events","status-publish","hentry"],"_links":{"self":[{"href":"https:\/\/fsmcv.org\/vl\/wp-json\/wp\/v2\/mec-events\/72318","targetHints":{"allow":["GET"]}}],"collection":[{"href":"https:\/\/fsmcv.org\/vl\/wp-json\/wp\/v2\/mec-events"}],"about":[{"href":"https:\/\/fsmcv.org\/vl\/wp-json\/wp\/v2\/types\/mec-events"}],"author":[{"embeddable":true,"href":"https:\/\/fsmcv.org\/vl\/wp-json\/wp\/v2\/users\/17"}],"wp:attachment":[{"href":"https:\/\/fsmcv.org\/vl\/wp-json\/wp\/v2\/media?parent=72318"}],"wp:term":[{"taxonomy":"post_tag","embeddable":true,"href":"https:\/\/fsmcv.org\/vl\/wp-json\/wp\/v2\/tags?post=72318"},{"taxonomy":"mec_category","embeddable":true,"href":"https:\/\/fsmcv.org\/vl\/wp-json\/wp\/v2\/mec_category?post=72318"}],"curies":[{"name":"wp","href":"https:\/\/api.w.org\/{rel}","templated":true}]}}

Presentació Concurs de flauta &#8220;Andrés Carreres&#8221; de la Societat Artística Musical de Benifaió

<p>Lloc de realització: Molí Vell de Benifaió</p>
