{"id":72324,"date":"2024-05-16T11:16:26","date_gmt":"2024-05-16T09:16:26","guid":{"rendered":"https:\/\/fsmcv.org\/agenda\/conferencia-de-cristobal-soler-ama-santa-cecilia-de-la-vilavella\/"},"modified":"2024-05-16T11:16:26","modified_gmt":"2024-05-16T09:16:26","slug":"conferencia-de-cristobal-soler-ama-santa-cecilia-de-la-vilavella","status":"publish","type":"mec-events","link":"https:\/\/fsmcv.org\/vl\/agenda\/conferencia-de-cristobal-soler-ama-santa-cecilia-de-la-vilavella\/","title":{"rendered":"Confer\u00e8ncia de Crist\u00f3bal Soler &#8211; AMA Santa Cecilia de La Vilavella"},"content":{"rendered":"<p>Lloc de realitzaci\u00f3: Sal\u00f3 d&#8217;actes de la Caixa Rural, La Vilavella<\/p>\n","protected":false},"excerpt":{"rendered":"<p>Lloc de realitzaci\u00f3: Sal\u00f3 d&#8217;actes de la Caixa Rural, La Vilavella<\/p>\n","protected":false},"author":17,"featured_media":72320,"template":"","tags":[],"mec_category":[],"class_list":["post-72324","mec-events","type-mec-events","status-publish","has-post-thumbnail","hentry"],"_links":{"self":[{"href":"https:\/\/fsmcv.org\/vl\/wp-json\/wp\/v2\/mec-events\/72324","targetHints":{"allow":["GET"]}}],"collection":[{"href":"https:\/\/fsmcv.org\/vl\/wp-json\/wp\/v2\/mec-events"}],"about":[{"href":"https:\/\/fsmcv.org\/vl\/wp-json\/wp\/v2\/types\/mec-events"}],"author":[{"embeddable":true,"href":"https:\/\/fsmcv.org\/vl\/wp-json\/wp\/v2\/users\/17"}],"wp:featuredmedia":[{"embeddable":true,"href":"https:\/\/fsmcv.org\/vl\/wp-json\/wp\/v2\/media\/72320"}],"wp:attachment":[{"href":"https:\/\/fsmcv.org\/vl\/wp-json\/wp\/v2\/media?parent=72324"}],"wp:term":[{"taxonomy":"post_tag","embeddable":true,"href":"https:\/\/fsmcv.org\/vl\/wp-json\/wp\/v2\/tags?post=72324"},{"taxonomy":"mec_category","embeddable":true,"href":"https:\/\/fsmcv.org\/vl\/wp-json\/wp\/v2\/mec_category?post=72324"}],"curies":[{"name":"wp","href":"https:\/\/api.w.org\/{rel}","templated":true}]}}

Conferència de Cristóbal Soler &#8211; AMA Santa Cecilia de La Vilavella

<p>Lloc de realització: Saló d&#8217;actes de la Caixa Rural, La Vilavella</p>
