{"id":72401,"date":"2024-05-23T11:18:11","date_gmt":"2024-05-23T09:18:11","guid":{"rendered":"https:\/\/fsmcv.org\/agenda\/concert-de-la-jove-banda-simfonica-de-la-fsmcv\/"},"modified":"2024-07-01T14:13:44","modified_gmt":"2024-07-01T12:13:44","slug":"concert-de-la-jove-banda-simfonica-de-la-fsmcv","status":"publish","type":"mec-events","link":"https:\/\/fsmcv.org\/vl\/agenda\/concert-de-la-jove-banda-simfonica-de-la-fsmcv\/","title":{"rendered":"Concert de la Jove Banda Simf\u00f2nica de la FSMCV"},"content":{"rendered":"<p>Lloc de realitzaci\u00f3: Pla\u00e7a de Bous, Macastre<\/p>\n","protected":false},"excerpt":{"rendered":"<p>Lloc de realitzaci\u00f3: Pla\u00e7a de Bous, Macastre<\/p>\n","protected":false},"author":17,"featured_media":73163,"template":"","tags":[],"mec_category":[220],"class_list":["post-72401","mec-events","type-mec-events","status-publish","has-post-thumbnail","hentry","mec_category-concerts"],"_links":{"self":[{"href":"https:\/\/fsmcv.org\/vl\/wp-json\/wp\/v2\/mec-events\/72401","targetHints":{"allow":["GET"]}}],"collection":[{"href":"https:\/\/fsmcv.org\/vl\/wp-json\/wp\/v2\/mec-events"}],"about":[{"href":"https:\/\/fsmcv.org\/vl\/wp-json\/wp\/v2\/types\/mec-events"}],"author":[{"embeddable":true,"href":"https:\/\/fsmcv.org\/vl\/wp-json\/wp\/v2\/users\/17"}],"wp:featuredmedia":[{"embeddable":true,"href":"https:\/\/fsmcv.org\/vl\/wp-json\/wp\/v2\/media\/73163"}],"wp:attachment":[{"href":"https:\/\/fsmcv.org\/vl\/wp-json\/wp\/v2\/media?parent=72401"}],"wp:term":[{"taxonomy":"post_tag","embeddable":true,"href":"https:\/\/fsmcv.org\/vl\/wp-json\/wp\/v2\/tags?post=72401"},{"taxonomy":"mec_category","embeddable":true,"href":"https:\/\/fsmcv.org\/vl\/wp-json\/wp\/v2\/mec_category?post=72401"}],"curies":[{"name":"wp","href":"https:\/\/api.w.org\/{rel}","templated":true}]}}

Concert de la Jove Banda Simfònica de la FSMCV

<p>Lloc de realització: Plaça de Bous, Macastre</p>
