{"id":72418,"date":"2024-05-23T12:48:21","date_gmt":"2024-05-23T10:48:21","guid":{"rendered":"https:\/\/fsmcv.org\/agenda\/concert-homenatge-a-les-forces-armades-a-carrec-de-la-unitat-de-musica-militar-de-la-caserna-general\/"},"modified":"2024-05-23T12:48:21","modified_gmt":"2024-05-23T10:48:21","slug":"concert-homenatge-a-les-forces-armades-a-carrec-de-la-unitat-de-musica-militar-de-la-caserna-general","status":"publish","type":"mec-events","link":"https:\/\/fsmcv.org\/vl\/agenda\/concert-homenatge-a-les-forces-armades-a-carrec-de-la-unitat-de-musica-militar-de-la-caserna-general\/","title":{"rendered":"Concert Homenatge a les Forces Armades a c\u00e0rrec de la Unitat de M\u00fasica Militar de la Caserna General"},"content":{"rendered":"<p>Lloc de realitzaci\u00f3: Esgl\u00e9sia Castrense de Santo Domingo de l&#8217;edifici de l&#8217;antiga Capitania General de Val\u00e8ncia<\/p>\n<p>&nbsp;<\/p>\n<p>&nbsp;<\/p>\n","protected":false},"excerpt":{"rendered":"<p>Lloc de realitzaci\u00f3: Esgl\u00e9sia Castrense de Santo Domingo de l&#8217;edifici de l&#8217;antiga Capitania General de Val\u00e8ncia &nbsp; &nbsp;<\/p>\n","protected":false},"author":17,"featured_media":0,"template":"","tags":[],"mec_category":[220],"class_list":["post-72418","mec-events","type-mec-events","status-publish","hentry","mec_category-concerts"],"_links":{"self":[{"href":"https:\/\/fsmcv.org\/vl\/wp-json\/wp\/v2\/mec-events\/72418","targetHints":{"allow":["GET"]}}],"collection":[{"href":"https:\/\/fsmcv.org\/vl\/wp-json\/wp\/v2\/mec-events"}],"about":[{"href":"https:\/\/fsmcv.org\/vl\/wp-json\/wp\/v2\/types\/mec-events"}],"author":[{"embeddable":true,"href":"https:\/\/fsmcv.org\/vl\/wp-json\/wp\/v2\/users\/17"}],"wp:attachment":[{"href":"https:\/\/fsmcv.org\/vl\/wp-json\/wp\/v2\/media?parent=72418"}],"wp:term":[{"taxonomy":"post_tag","embeddable":true,"href":"https:\/\/fsmcv.org\/vl\/wp-json\/wp\/v2\/tags?post=72418"},{"taxonomy":"mec_category","embeddable":true,"href":"https:\/\/fsmcv.org\/vl\/wp-json\/wp\/v2\/mec_category?post=72418"}],"curies":[{"name":"wp","href":"https:\/\/api.w.org\/{rel}","templated":true}]}}

Concert Homenatge a les Forces Armades a càrrec de la Unitat de Música Militar de la Caserna General

<p>Lloc de realització: Església Castrense de Santo Domingo de l&#8217;edifici de l&#8217;antiga Capitania General de València</p>
<p>&nbsp;</p>
<p>&nbsp;</p>

<p>Lloc de realització: Església Castrense de Santo Domingo de l&#8217;edifici de l&#8217;antiga Capitania General de València &nbsp; &nbsp;</p>
