{"id":72426,"date":"2024-05-23T13:02:22","date_gmt":"2024-05-23T11:02:22","guid":{"rendered":"https:\/\/fsmcv.org\/agenda\/concert-de-la-gala-de-la-musica-unio-musical-de-moncada\/"},"modified":"2024-05-23T13:02:22","modified_gmt":"2024-05-23T11:02:22","slug":"concert-de-la-gala-de-la-musica-unio-musical-de-moncada","status":"publish","type":"mec-events","link":"https:\/\/fsmcv.org\/vl\/agenda\/concert-de-la-gala-de-la-musica-unio-musical-de-moncada\/","title":{"rendered":"Concert de la Gala de la M\u00fasica &#8211; Uni\u00f3 Musical de Moncada"},"content":{"rendered":"<p>Lloc de realitzaci\u00f3: Pla\u00e7a Mestre Palau, Moncada<\/p>\n","protected":false},"excerpt":{"rendered":"<p>Lloc de realitzaci\u00f3: Pla\u00e7a Mestre Palau, Moncada<\/p>\n","protected":false},"author":17,"featured_media":72425,"template":"","tags":[],"mec_category":[220],"class_list":["post-72426","mec-events","type-mec-events","status-publish","has-post-thumbnail","hentry","mec_category-concerts"],"_links":{"self":[{"href":"https:\/\/fsmcv.org\/vl\/wp-json\/wp\/v2\/mec-events\/72426","targetHints":{"allow":["GET"]}}],"collection":[{"href":"https:\/\/fsmcv.org\/vl\/wp-json\/wp\/v2\/mec-events"}],"about":[{"href":"https:\/\/fsmcv.org\/vl\/wp-json\/wp\/v2\/types\/mec-events"}],"author":[{"embeddable":true,"href":"https:\/\/fsmcv.org\/vl\/wp-json\/wp\/v2\/users\/17"}],"wp:featuredmedia":[{"embeddable":true,"href":"https:\/\/fsmcv.org\/vl\/wp-json\/wp\/v2\/media\/72425"}],"wp:attachment":[{"href":"https:\/\/fsmcv.org\/vl\/wp-json\/wp\/v2\/media?parent=72426"}],"wp:term":[{"taxonomy":"post_tag","embeddable":true,"href":"https:\/\/fsmcv.org\/vl\/wp-json\/wp\/v2\/tags?post=72426"},{"taxonomy":"mec_category","embeddable":true,"href":"https:\/\/fsmcv.org\/vl\/wp-json\/wp\/v2\/mec_category?post=72426"}],"curies":[{"name":"wp","href":"https:\/\/api.w.org\/{rel}","templated":true}]}}

Concert de la Gala de la Música &#8211; Unió Musical de Moncada

<p>Lloc de realització: Plaça Mestre Palau, Moncada</p>
