{"id":72569,"date":"2024-06-03T10:21:08","date_gmt":"2024-06-03T08:21:08","guid":{"rendered":"https:\/\/fsmcv.org\/agenda\/banda-comarcal-de-la-plana-baixa\/"},"modified":"2024-06-25T09:35:51","modified_gmt":"2024-06-25T07:35:51","slug":"banda-comarcal-de-la-plana-baixa","status":"publish","type":"mec-events","link":"https:\/\/fsmcv.org\/vl\/agenda\/banda-comarcal-de-la-plana-baixa\/","title":{"rendered":"Banda Simf\u00f2nica Comarcal Plana Baixa"},"content":{"rendered":"<p>Lloc de realitzaci\u00f3: La Vall d&#8217;Uix\u00f3\/Villavieja<\/p>\n","protected":false},"excerpt":{"rendered":"<p>Lloc de realitzaci\u00f3: La Vall d&#8217;Uix\u00f3\/Villavieja<\/p>\n","protected":false},"author":17,"featured_media":73053,"template":"","tags":[],"mec_category":[579],"class_list":["post-72569","mec-events","type-mec-events","status-publish","has-post-thumbnail","hentry","mec_category-activitats-comarcals"],"_links":{"self":[{"href":"https:\/\/fsmcv.org\/vl\/wp-json\/wp\/v2\/mec-events\/72569","targetHints":{"allow":["GET"]}}],"collection":[{"href":"https:\/\/fsmcv.org\/vl\/wp-json\/wp\/v2\/mec-events"}],"about":[{"href":"https:\/\/fsmcv.org\/vl\/wp-json\/wp\/v2\/types\/mec-events"}],"author":[{"embeddable":true,"href":"https:\/\/fsmcv.org\/vl\/wp-json\/wp\/v2\/users\/17"}],"wp:featuredmedia":[{"embeddable":true,"href":"https:\/\/fsmcv.org\/vl\/wp-json\/wp\/v2\/media\/73053"}],"wp:attachment":[{"href":"https:\/\/fsmcv.org\/vl\/wp-json\/wp\/v2\/media?parent=72569"}],"wp:term":[{"taxonomy":"post_tag","embeddable":true,"href":"https:\/\/fsmcv.org\/vl\/wp-json\/wp\/v2\/tags?post=72569"},{"taxonomy":"mec_category","embeddable":true,"href":"https:\/\/fsmcv.org\/vl\/wp-json\/wp\/v2\/mec_category?post=72569"}],"curies":[{"name":"wp","href":"https:\/\/api.w.org\/{rel}","templated":true}]}}

Banda Simfònica Comarcal Plana Baixa

<p>Lloc de realització: La Vall d&#8217;Uixó/Villavieja</p>
