{"id":72672,"date":"2024-06-06T14:29:31","date_gmt":"2024-06-06T12:29:31","guid":{"rendered":"https:\/\/fsmcv.org\/agenda\/concerts-banda-novella-i-banda-simfonica-societat-musical-la-va-unir-de-tres-forques\/"},"modified":"2024-06-06T14:29:31","modified_gmt":"2024-06-06T12:29:31","slug":"concerts-banda-novella-i-banda-simfonica-societat-musical-la-va-unir-de-tres-forques","status":"publish","type":"mec-events","link":"https:\/\/fsmcv.org\/vl\/agenda\/concerts-banda-novella-i-banda-simfonica-societat-musical-la-va-unir-de-tres-forques\/","title":{"rendered":"Concerts Banda novella i Banda Simf\u00f2nica &#8211; Societat Musical la Va unir de Tres Forques"},"content":{"rendered":"<p>Lloc de realitzaci\u00f3: Seu de la Uni\u00f3 de Tres Forques, Val\u00e8ncia<\/p>\n","protected":false},"excerpt":{"rendered":"<p>Lloc de realitzaci\u00f3: Seu de la Uni\u00f3 de Tres Forques, Val\u00e8ncia<\/p>\n","protected":false},"author":17,"featured_media":72670,"template":"","tags":[],"mec_category":[220],"class_list":["post-72672","mec-events","type-mec-events","status-publish","has-post-thumbnail","hentry","mec_category-concerts"],"_links":{"self":[{"href":"https:\/\/fsmcv.org\/vl\/wp-json\/wp\/v2\/mec-events\/72672","targetHints":{"allow":["GET"]}}],"collection":[{"href":"https:\/\/fsmcv.org\/vl\/wp-json\/wp\/v2\/mec-events"}],"about":[{"href":"https:\/\/fsmcv.org\/vl\/wp-json\/wp\/v2\/types\/mec-events"}],"author":[{"embeddable":true,"href":"https:\/\/fsmcv.org\/vl\/wp-json\/wp\/v2\/users\/17"}],"wp:featuredmedia":[{"embeddable":true,"href":"https:\/\/fsmcv.org\/vl\/wp-json\/wp\/v2\/media\/72670"}],"wp:attachment":[{"href":"https:\/\/fsmcv.org\/vl\/wp-json\/wp\/v2\/media?parent=72672"}],"wp:term":[{"taxonomy":"post_tag","embeddable":true,"href":"https:\/\/fsmcv.org\/vl\/wp-json\/wp\/v2\/tags?post=72672"},{"taxonomy":"mec_category","embeddable":true,"href":"https:\/\/fsmcv.org\/vl\/wp-json\/wp\/v2\/mec_category?post=72672"}],"curies":[{"name":"wp","href":"https:\/\/api.w.org\/{rel}","templated":true}]}}

Concerts Banda novella i Banda Simfònica &#8211; Societat Musical la Va unir de Tres Forques

<p>Lloc de realització: Seu de la Unió de Tres Forques, València</p>
