{"id":72755,"date":"2024-06-11T10:24:17","date_gmt":"2024-06-11T08:24:17","guid":{"rendered":"https:\/\/fsmcv.org\/agenda\/concentracio-de-bandes-juvenils-2024-castello\/"},"modified":"2024-06-13T12:43:31","modified_gmt":"2024-06-13T10:43:31","slug":"concentracio-de-bandes-juvenils-2024-castello","status":"publish","type":"mec-events","link":"https:\/\/fsmcv.org\/vl\/agenda\/concentracio-de-bandes-juvenils-2024-castello\/","title":{"rendered":"Concentraci\u00f3 de Bandes Juvenils 2024 amb motiu de la recuperaci\u00f3 de l&#8217;assignatura de m\u00fasica- Castell\u00f3"},"content":{"rendered":"<p>Lloc de realizaci\u00f3: Pla\u00e7a de les Aules, Castell\u00f3.<\/p>\n","protected":false},"excerpt":{"rendered":"<p>Lloc de realizaci\u00f3: Pla\u00e7a de les Aules, Castell\u00f3.<\/p>\n","protected":false},"author":17,"featured_media":0,"template":"","tags":[],"mec_category":[220],"class_list":["post-72755","mec-events","type-mec-events","status-publish","hentry","mec_category-concerts"],"_links":{"self":[{"href":"https:\/\/fsmcv.org\/vl\/wp-json\/wp\/v2\/mec-events\/72755","targetHints":{"allow":["GET"]}}],"collection":[{"href":"https:\/\/fsmcv.org\/vl\/wp-json\/wp\/v2\/mec-events"}],"about":[{"href":"https:\/\/fsmcv.org\/vl\/wp-json\/wp\/v2\/types\/mec-events"}],"author":[{"embeddable":true,"href":"https:\/\/fsmcv.org\/vl\/wp-json\/wp\/v2\/users\/17"}],"wp:attachment":[{"href":"https:\/\/fsmcv.org\/vl\/wp-json\/wp\/v2\/media?parent=72755"}],"wp:term":[{"taxonomy":"post_tag","embeddable":true,"href":"https:\/\/fsmcv.org\/vl\/wp-json\/wp\/v2\/tags?post=72755"},{"taxonomy":"mec_category","embeddable":true,"href":"https:\/\/fsmcv.org\/vl\/wp-json\/wp\/v2\/mec_category?post=72755"}],"curies":[{"name":"wp","href":"https:\/\/api.w.org\/{rel}","templated":true}]}}

Concentració de Bandes Juvenils 2024 amb motiu de la recuperació de l&#8217;assignatura de música- Castelló

<p>Lloc de realizació: Plaça de les Aules, Castelló.</p>
