{"id":72777,"date":"2024-06-11T10:46:12","date_gmt":"2024-06-11T08:46:12","guid":{"rendered":"https:\/\/fsmcv.org\/agenda\/9-doctubre-2024-valencia\/"},"modified":"2024-06-13T12:31:26","modified_gmt":"2024-06-13T10:31:26","slug":"9-doctubre-2024-valencia","status":"publish","type":"mec-events","link":"https:\/\/fsmcv.org\/vl\/agenda\/9-doctubre-2024-valencia\/","title":{"rendered":"9 d&#8217;octubre 2024 &#8211; Val\u00e8ncia"},"content":{"rendered":"<p>Lugar de realizaci\u00f3n: Pla\u00e7a de la Verge, Val\u00e8ncia.<\/p>\n","protected":false},"excerpt":{"rendered":"<p>Lugar de realizaci\u00f3n: Pla\u00e7a de la Verge, Val\u00e8ncia.<\/p>\n","protected":false},"author":17,"featured_media":0,"template":"","tags":[],"mec_category":[220],"class_list":["post-72777","mec-events","type-mec-events","status-publish","hentry","mec_category-concerts"],"_links":{"self":[{"href":"https:\/\/fsmcv.org\/vl\/wp-json\/wp\/v2\/mec-events\/72777","targetHints":{"allow":["GET"]}}],"collection":[{"href":"https:\/\/fsmcv.org\/vl\/wp-json\/wp\/v2\/mec-events"}],"about":[{"href":"https:\/\/fsmcv.org\/vl\/wp-json\/wp\/v2\/types\/mec-events"}],"author":[{"embeddable":true,"href":"https:\/\/fsmcv.org\/vl\/wp-json\/wp\/v2\/users\/17"}],"wp:attachment":[{"href":"https:\/\/fsmcv.org\/vl\/wp-json\/wp\/v2\/media?parent=72777"}],"wp:term":[{"taxonomy":"post_tag","embeddable":true,"href":"https:\/\/fsmcv.org\/vl\/wp-json\/wp\/v2\/tags?post=72777"},{"taxonomy":"mec_category","embeddable":true,"href":"https:\/\/fsmcv.org\/vl\/wp-json\/wp\/v2\/mec_category?post=72777"}],"curies":[{"name":"wp","href":"https:\/\/api.w.org\/{rel}","templated":true}]}}

9 d&#8217;octubre 2024 &#8211; València

<p>Lugar de realización: Plaça de la Verge, València.</p>
