{"id":72883,"date":"2024-06-14T14:06:11","date_gmt":"2024-06-14T12:06:11","guid":{"rendered":"https:\/\/fsmcv.org\/agenda\/concert-excel%c2%b7lent-musica-de-banda-2024-associacio-cultural-falla-jeronima-gales-litograf-pascual-abad\/"},"modified":"2024-06-14T14:06:11","modified_gmt":"2024-06-14T12:06:11","slug":"concert-excel%c2%b7lent-musica-de-banda-2024-associacio-cultural-falla-jeronima-gales-litograf-pascual-abad","status":"publish","type":"mec-events","link":"https:\/\/fsmcv.org\/vl\/agenda\/concert-excel%c2%b7lent-musica-de-banda-2024-associacio-cultural-falla-jeronima-gales-litograf-pascual-abad\/","title":{"rendered":"Concert Excel\u00b7lent, M\u00fasica de banda 2024 &#8211; Associaci\u00f3 Cultural Falla Jer\u00f2nima Gal\u00e9s-Lit\u00f2graf Pascual Abad"},"content":{"rendered":"<p>Lloc de realitzaci\u00f3: Carrer M\u00fasic Penella, Val\u00e8ncia.<\/p>\n","protected":false},"excerpt":{"rendered":"<p>Lloc de realitzaci\u00f3: Carrer M\u00fasic Penella, Val\u00e8ncia.<\/p>\n","protected":false},"author":17,"featured_media":72882,"template":"","tags":[],"mec_category":[220],"class_list":["post-72883","mec-events","type-mec-events","status-publish","has-post-thumbnail","hentry","mec_category-concerts"],"_links":{"self":[{"href":"https:\/\/fsmcv.org\/vl\/wp-json\/wp\/v2\/mec-events\/72883","targetHints":{"allow":["GET"]}}],"collection":[{"href":"https:\/\/fsmcv.org\/vl\/wp-json\/wp\/v2\/mec-events"}],"about":[{"href":"https:\/\/fsmcv.org\/vl\/wp-json\/wp\/v2\/types\/mec-events"}],"author":[{"embeddable":true,"href":"https:\/\/fsmcv.org\/vl\/wp-json\/wp\/v2\/users\/17"}],"wp:featuredmedia":[{"embeddable":true,"href":"https:\/\/fsmcv.org\/vl\/wp-json\/wp\/v2\/media\/72882"}],"wp:attachment":[{"href":"https:\/\/fsmcv.org\/vl\/wp-json\/wp\/v2\/media?parent=72883"}],"wp:term":[{"taxonomy":"post_tag","embeddable":true,"href":"https:\/\/fsmcv.org\/vl\/wp-json\/wp\/v2\/tags?post=72883"},{"taxonomy":"mec_category","embeddable":true,"href":"https:\/\/fsmcv.org\/vl\/wp-json\/wp\/v2\/mec_category?post=72883"}],"curies":[{"name":"wp","href":"https:\/\/api.w.org\/{rel}","templated":true}]}}

Concert Excel·lent, Música de banda 2024 &#8211; Associació Cultural Falla Jerònima Galés-Litògraf Pascual Abad

<p>Lloc de realització: Carrer Músic Penella, València.</p>
