{"id":73112,"date":"2024-06-27T14:24:52","date_gmt":"2024-06-27T12:24:52","guid":{"rendered":"https:\/\/fsmcv.org\/agenda\/concert-de-la-banda-ateneu-musical-lhorta-de-la-punta-de-valencia\/"},"modified":"2024-06-27T14:24:52","modified_gmt":"2024-06-27T12:24:52","slug":"concert-de-la-banda-ateneu-musical-lhorta-de-la-punta-de-valencia","status":"publish","type":"mec-events","link":"https:\/\/fsmcv.org\/vl\/agenda\/concert-de-la-banda-ateneu-musical-lhorta-de-la-punta-de-valencia\/","title":{"rendered":"Concert de la banda Ateneu Musical l&#8217;horta de la Punta de Val\u00e8ncia"},"content":{"rendered":"<p>Lloc de realitzaci\u00f3: Sala Iturbi, Palau de la M\u00fasica, Val\u00e8ncia.<\/p>\n<p>&nbsp;<\/p>\n","protected":false},"excerpt":{"rendered":"<p>Lloc de realitzaci\u00f3: Sala Iturbi, Palau de la M\u00fasica, Val\u00e8ncia. &nbsp;<\/p>\n","protected":false},"author":17,"featured_media":44108,"template":"","tags":[],"mec_category":[220],"class_list":["post-73112","mec-events","type-mec-events","status-publish","has-post-thumbnail","hentry","mec_category-concerts"],"_links":{"self":[{"href":"https:\/\/fsmcv.org\/vl\/wp-json\/wp\/v2\/mec-events\/73112","targetHints":{"allow":["GET"]}}],"collection":[{"href":"https:\/\/fsmcv.org\/vl\/wp-json\/wp\/v2\/mec-events"}],"about":[{"href":"https:\/\/fsmcv.org\/vl\/wp-json\/wp\/v2\/types\/mec-events"}],"author":[{"embeddable":true,"href":"https:\/\/fsmcv.org\/vl\/wp-json\/wp\/v2\/users\/17"}],"wp:featuredmedia":[{"embeddable":true,"href":"https:\/\/fsmcv.org\/vl\/wp-json\/wp\/v2\/media\/44108"}],"wp:attachment":[{"href":"https:\/\/fsmcv.org\/vl\/wp-json\/wp\/v2\/media?parent=73112"}],"wp:term":[{"taxonomy":"post_tag","embeddable":true,"href":"https:\/\/fsmcv.org\/vl\/wp-json\/wp\/v2\/tags?post=73112"},{"taxonomy":"mec_category","embeddable":true,"href":"https:\/\/fsmcv.org\/vl\/wp-json\/wp\/v2\/mec_category?post=73112"}],"curies":[{"name":"wp","href":"https:\/\/api.w.org\/{rel}","templated":true}]}}

Concert de la banda Ateneu Musical l&#8217;horta de la Punta de València

<p>Lloc de realització: Sala Iturbi, Palau de la Música, València.</p>
<p>&nbsp;</p>

<p>Lloc de realització: Sala Iturbi, Palau de la Música, València. &nbsp;</p>
