{"id":73116,"date":"2024-06-27T14:29:25","date_gmt":"2024-06-27T12:29:25","guid":{"rendered":"https:\/\/fsmcv.org\/agenda\/concert-i-concurs-nacional-medica-xateba-societat-musical-la-primitiva-xativina-de-xativa\/"},"modified":"2024-06-27T14:29:25","modified_gmt":"2024-06-27T12:29:25","slug":"concert-i-concurs-nacional-medica-xateba-societat-musical-la-primitiva-xativina-de-xativa","status":"publish","type":"mec-events","link":"https:\/\/fsmcv.org\/vl\/agenda\/concert-i-concurs-nacional-medica-xateba-societat-musical-la-primitiva-xativina-de-xativa\/","title":{"rendered":"Concert I Concurs Nacional &#8220;Medica Xateba&#8221; &#8211; Societat Musical La Primitiva Xativina de X\u00e0tiva"},"content":{"rendered":"<p>Lloc de realitzaci\u00f3: Gran teatre de X\u00e0tiva<\/p>\n","protected":false},"excerpt":{"rendered":"<p>Lloc de realitzaci\u00f3: Gran teatre de X\u00e0tiva<\/p>\n","protected":false},"author":17,"featured_media":73114,"template":"","tags":[],"mec_category":[220],"class_list":["post-73116","mec-events","type-mec-events","status-publish","has-post-thumbnail","hentry","mec_category-concerts"],"_links":{"self":[{"href":"https:\/\/fsmcv.org\/vl\/wp-json\/wp\/v2\/mec-events\/73116","targetHints":{"allow":["GET"]}}],"collection":[{"href":"https:\/\/fsmcv.org\/vl\/wp-json\/wp\/v2\/mec-events"}],"about":[{"href":"https:\/\/fsmcv.org\/vl\/wp-json\/wp\/v2\/types\/mec-events"}],"author":[{"embeddable":true,"href":"https:\/\/fsmcv.org\/vl\/wp-json\/wp\/v2\/users\/17"}],"wp:featuredmedia":[{"embeddable":true,"href":"https:\/\/fsmcv.org\/vl\/wp-json\/wp\/v2\/media\/73114"}],"wp:attachment":[{"href":"https:\/\/fsmcv.org\/vl\/wp-json\/wp\/v2\/media?parent=73116"}],"wp:term":[{"taxonomy":"post_tag","embeddable":true,"href":"https:\/\/fsmcv.org\/vl\/wp-json\/wp\/v2\/tags?post=73116"},{"taxonomy":"mec_category","embeddable":true,"href":"https:\/\/fsmcv.org\/vl\/wp-json\/wp\/v2\/mec_category?post=73116"}],"curies":[{"name":"wp","href":"https:\/\/api.w.org\/{rel}","templated":true}]}}

Concert I Concurs Nacional &#8220;Medica Xateba&#8221; &#8211; Societat Musical La Primitiva Xativina de Xàtiva

<p>Lloc de realització: Gran teatre de Xàtiva</p>
