{"id":73305,"date":"2024-07-12T09:54:39","date_gmt":"2024-07-12T07:54:39","guid":{"rendered":"https:\/\/fsmcv.org\/agenda\/ateneu-musical-schola-cantorum-de-la-vall-duixo-concert-preparatori-per-al-136-certamen-internacional-ciutat-de-valencia\/"},"modified":"2024-07-12T09:54:39","modified_gmt":"2024-07-12T07:54:39","slug":"ateneu-musical-schola-cantorum-de-la-vall-duixo-concert-preparatori-per-al-136-certamen-internacional-ciutat-de-valencia","status":"publish","type":"mec-events","link":"https:\/\/fsmcv.org\/vl\/agenda\/ateneu-musical-schola-cantorum-de-la-vall-duixo-concert-preparatori-per-al-136-certamen-internacional-ciutat-de-valencia\/","title":{"rendered":"Ateneu Musical Schola Cantorum de La Vall d&#8217;Uix\u00f3 &#8211; Concert preparatori per al 136 Certamen Internacional &#8220;Ciutat de Val\u00e8ncia&#8221;"},"content":{"rendered":"<p>Lloc de realitzaci\u00f3: Auditori de La Vall d&#8217;Uix\u00f3.<\/p>\n","protected":false},"excerpt":{"rendered":"<p>Lloc de realitzaci\u00f3: Auditori de La Vall d&#8217;Uix\u00f3.<\/p>\n","protected":false},"author":17,"featured_media":73304,"template":"","tags":[],"mec_category":[220],"class_list":["post-73305","mec-events","type-mec-events","status-publish","has-post-thumbnail","hentry","mec_category-concerts"],"_links":{"self":[{"href":"https:\/\/fsmcv.org\/vl\/wp-json\/wp\/v2\/mec-events\/73305","targetHints":{"allow":["GET"]}}],"collection":[{"href":"https:\/\/fsmcv.org\/vl\/wp-json\/wp\/v2\/mec-events"}],"about":[{"href":"https:\/\/fsmcv.org\/vl\/wp-json\/wp\/v2\/types\/mec-events"}],"author":[{"embeddable":true,"href":"https:\/\/fsmcv.org\/vl\/wp-json\/wp\/v2\/users\/17"}],"wp:featuredmedia":[{"embeddable":true,"href":"https:\/\/fsmcv.org\/vl\/wp-json\/wp\/v2\/media\/73304"}],"wp:attachment":[{"href":"https:\/\/fsmcv.org\/vl\/wp-json\/wp\/v2\/media?parent=73305"}],"wp:term":[{"taxonomy":"post_tag","embeddable":true,"href":"https:\/\/fsmcv.org\/vl\/wp-json\/wp\/v2\/tags?post=73305"},{"taxonomy":"mec_category","embeddable":true,"href":"https:\/\/fsmcv.org\/vl\/wp-json\/wp\/v2\/mec_category?post=73305"}],"curies":[{"name":"wp","href":"https:\/\/api.w.org\/{rel}","templated":true}]}}

Ateneu Musical Schola Cantorum de La Vall d&#8217;Uixó &#8211; Concert preparatori per al 136 Certamen Internacional &#8220;Ciutat de València&#8221;

<p>Lloc de realització: Auditori de La Vall d&#8217;Uixó.</p>
