{"id":74072,"date":"2024-09-27T09:58:13","date_gmt":"2024-09-27T07:58:13","guid":{"rendered":"https:\/\/fsmcv.org\/agenda\/actes-concurs-nacional-de-flauta-andres-carreres-societat-artistica-musical-de-benifaio\/"},"modified":"2024-09-27T09:58:13","modified_gmt":"2024-09-27T07:58:13","slug":"actes-concurs-nacional-de-flauta-andres-carreres-societat-artistica-musical-de-benifaio","status":"publish","type":"mec-events","link":"https:\/\/fsmcv.org\/vl\/agenda\/actes-concurs-nacional-de-flauta-andres-carreres-societat-artistica-musical-de-benifaio\/","title":{"rendered":"Actes Concurs Nacional de Flauta &#8220;Andr\u00e9s Carreres&#8221; &#8211; Societat Art\u00edstica Musical de Benifai\u00f3"},"content":{"rendered":"<p>Lloc de realitzaci\u00f3: Mol\u00ed Vell de Benifai\u00f3.<\/p>\n","protected":false},"excerpt":{"rendered":"<p>Lloc de realitzaci\u00f3: Mol\u00ed Vell de Benifai\u00f3.<\/p>\n","protected":false},"author":17,"featured_media":74056,"template":"","tags":[],"mec_category":[],"class_list":["post-74072","mec-events","type-mec-events","status-publish","has-post-thumbnail","hentry"],"_links":{"self":[{"href":"https:\/\/fsmcv.org\/vl\/wp-json\/wp\/v2\/mec-events\/74072","targetHints":{"allow":["GET"]}}],"collection":[{"href":"https:\/\/fsmcv.org\/vl\/wp-json\/wp\/v2\/mec-events"}],"about":[{"href":"https:\/\/fsmcv.org\/vl\/wp-json\/wp\/v2\/types\/mec-events"}],"author":[{"embeddable":true,"href":"https:\/\/fsmcv.org\/vl\/wp-json\/wp\/v2\/users\/17"}],"wp:featuredmedia":[{"embeddable":true,"href":"https:\/\/fsmcv.org\/vl\/wp-json\/wp\/v2\/media\/74056"}],"wp:attachment":[{"href":"https:\/\/fsmcv.org\/vl\/wp-json\/wp\/v2\/media?parent=74072"}],"wp:term":[{"taxonomy":"post_tag","embeddable":true,"href":"https:\/\/fsmcv.org\/vl\/wp-json\/wp\/v2\/tags?post=74072"},{"taxonomy":"mec_category","embeddable":true,"href":"https:\/\/fsmcv.org\/vl\/wp-json\/wp\/v2\/mec_category?post=74072"}],"curies":[{"name":"wp","href":"https:\/\/api.w.org\/{rel}","templated":true}]}}

Actes Concurs Nacional de Flauta &#8220;Andrés Carreres&#8221; &#8211; Societat Artística Musical de Benifaió

<p>Lloc de realització: Molí Vell de Benifaió.</p>
