{"id":74075,"date":"2024-09-27T10:03:57","date_gmt":"2024-09-27T08:03:57","guid":{"rendered":"https:\/\/fsmcv.org\/agenda\/inauguracio-dels-actes-25e-aniversari-de-la-banda-societat-musical-benirredra\/"},"modified":"2024-09-27T10:03:57","modified_gmt":"2024-09-27T08:03:57","slug":"inauguracio-dels-actes-25e-aniversari-de-la-banda-societat-musical-benirredra","status":"publish","type":"mec-events","link":"https:\/\/fsmcv.org\/vl\/agenda\/inauguracio-dels-actes-25e-aniversari-de-la-banda-societat-musical-benirredra\/","title":{"rendered":"Inauguraci\u00f3 dels actes 25\u00e9 aniversari de la banda &#8211; Societat Musical Benirredr\u00e0"},"content":{"rendered":"<p>Lloc de realitzaci\u00f3: Escola de m\u00fasica de Benirredr\u00e0.<\/p>\n","protected":false},"excerpt":{"rendered":"<p>Lloc de realitzaci\u00f3: Escola de m\u00fasica de Benirredr\u00e0.<\/p>\n","protected":false},"author":17,"featured_media":0,"template":"","tags":[],"mec_category":[],"class_list":["post-74075","mec-events","type-mec-events","status-publish","hentry"],"_links":{"self":[{"href":"https:\/\/fsmcv.org\/vl\/wp-json\/wp\/v2\/mec-events\/74075","targetHints":{"allow":["GET"]}}],"collection":[{"href":"https:\/\/fsmcv.org\/vl\/wp-json\/wp\/v2\/mec-events"}],"about":[{"href":"https:\/\/fsmcv.org\/vl\/wp-json\/wp\/v2\/types\/mec-events"}],"author":[{"embeddable":true,"href":"https:\/\/fsmcv.org\/vl\/wp-json\/wp\/v2\/users\/17"}],"wp:attachment":[{"href":"https:\/\/fsmcv.org\/vl\/wp-json\/wp\/v2\/media?parent=74075"}],"wp:term":[{"taxonomy":"post_tag","embeddable":true,"href":"https:\/\/fsmcv.org\/vl\/wp-json\/wp\/v2\/tags?post=74075"},{"taxonomy":"mec_category","embeddable":true,"href":"https:\/\/fsmcv.org\/vl\/wp-json\/wp\/v2\/mec_category?post=74075"}],"curies":[{"name":"wp","href":"https:\/\/api.w.org\/{rel}","templated":true}]}}

Inauguració dels actes 25é aniversari de la banda &#8211; Societat Musical Benirredrà

<p>Lloc de realització: Escola de música de Benirredrà.</p>
