{"id":74095,"date":"2024-09-27T10:48:22","date_gmt":"2024-09-27T08:48:22","guid":{"rendered":"https:\/\/fsmcv.org\/agenda\/concert-a-dos-bandes-unio-musical-de-quartell\/"},"modified":"2024-09-27T10:48:22","modified_gmt":"2024-09-27T08:48:22","slug":"concert-a-dos-bandes-unio-musical-de-quartell","status":"publish","type":"mec-events","link":"https:\/\/fsmcv.org\/vl\/agenda\/concert-a-dos-bandes-unio-musical-de-quartell\/","title":{"rendered":"Concert a Dos Bandes &#8211; Uni\u00f3 Musical de Quartell"},"content":{"rendered":"<p>Lloc de realitzaci\u00f3: Plaza Sebasti\u00e1n Langa, Quartell.<\/p>\n","protected":false},"excerpt":{"rendered":"<p>Lloc de realitzaci\u00f3: Plaza Sebasti\u00e1n Langa, Quartell.<\/p>\n","protected":false},"author":17,"featured_media":0,"template":"","tags":[],"mec_category":[220],"class_list":["post-74095","mec-events","type-mec-events","status-publish","hentry","mec_category-concerts"],"_links":{"self":[{"href":"https:\/\/fsmcv.org\/vl\/wp-json\/wp\/v2\/mec-events\/74095","targetHints":{"allow":["GET"]}}],"collection":[{"href":"https:\/\/fsmcv.org\/vl\/wp-json\/wp\/v2\/mec-events"}],"about":[{"href":"https:\/\/fsmcv.org\/vl\/wp-json\/wp\/v2\/types\/mec-events"}],"author":[{"embeddable":true,"href":"https:\/\/fsmcv.org\/vl\/wp-json\/wp\/v2\/users\/17"}],"wp:attachment":[{"href":"https:\/\/fsmcv.org\/vl\/wp-json\/wp\/v2\/media?parent=74095"}],"wp:term":[{"taxonomy":"post_tag","embeddable":true,"href":"https:\/\/fsmcv.org\/vl\/wp-json\/wp\/v2\/tags?post=74095"},{"taxonomy":"mec_category","embeddable":true,"href":"https:\/\/fsmcv.org\/vl\/wp-json\/wp\/v2\/mec_category?post=74095"}],"curies":[{"name":"wp","href":"https:\/\/api.w.org\/{rel}","templated":true}]}}

Concert a Dos Bandes &#8211; Unió Musical de Quartell

<p>Lloc de realització: Plaza Sebastián Langa, Quartell.</p>
