{"id":74100,"date":"2024-09-27T10:55:45","date_gmt":"2024-09-27T08:55:45","guid":{"rendered":"https:\/\/fsmcv.org\/agenda\/exposicio-projectant-elx-periodic-informacio\/"},"modified":"2024-09-27T10:55:45","modified_gmt":"2024-09-27T08:55:45","slug":"exposicio-projectant-elx-periodic-informacio","status":"publish","type":"mec-events","link":"https:\/\/fsmcv.org\/vl\/agenda\/exposicio-projectant-elx-periodic-informacio\/","title":{"rendered":"Exposici\u00f3 Projectant Elx &#8211; Peri\u00f2dic Informaci\u00f3"},"content":{"rendered":"<p>Lloc de realitzaci\u00f3: Carrer Corredora, Elx.<\/p>\n","protected":false},"excerpt":{"rendered":"<p>Lloc de realitzaci\u00f3: Carrer Corredora, Elx.<\/p>\n","protected":false},"author":17,"featured_media":0,"template":"","tags":[],"mec_category":[583],"class_list":["post-74100","mec-events","type-mec-events","status-publish","hentry","mec_category-exposicions"],"_links":{"self":[{"href":"https:\/\/fsmcv.org\/vl\/wp-json\/wp\/v2\/mec-events\/74100","targetHints":{"allow":["GET"]}}],"collection":[{"href":"https:\/\/fsmcv.org\/vl\/wp-json\/wp\/v2\/mec-events"}],"about":[{"href":"https:\/\/fsmcv.org\/vl\/wp-json\/wp\/v2\/types\/mec-events"}],"author":[{"embeddable":true,"href":"https:\/\/fsmcv.org\/vl\/wp-json\/wp\/v2\/users\/17"}],"wp:attachment":[{"href":"https:\/\/fsmcv.org\/vl\/wp-json\/wp\/v2\/media?parent=74100"}],"wp:term":[{"taxonomy":"post_tag","embeddable":true,"href":"https:\/\/fsmcv.org\/vl\/wp-json\/wp\/v2\/tags?post=74100"},{"taxonomy":"mec_category","embeddable":true,"href":"https:\/\/fsmcv.org\/vl\/wp-json\/wp\/v2\/mec_category?post=74100"}],"curies":[{"name":"wp","href":"https:\/\/api.w.org\/{rel}","templated":true}]}}

Exposició Projectant Elx &#8211; Periòdic Informació

<p>Lloc de realització: Carrer Corredora, Elx.</p>
