{"id":74285,"date":"2024-10-11T10:53:58","date_gmt":"2024-10-11T08:53:58","guid":{"rendered":"https:\/\/fsmcv.org\/agenda\/formacio-recursos-musicals-per-a-laula-de-musica-horta-sud\/"},"modified":"2024-10-11T10:53:58","modified_gmt":"2024-10-11T08:53:58","slug":"formacio-recursos-musicals-per-a-laula-de-musica-horta-sud","status":"publish","type":"mec-events","link":"https:\/\/fsmcv.org\/vl\/agenda\/formacio-recursos-musicals-per-a-laula-de-musica-horta-sud\/","title":{"rendered":"Formaci\u00f3 recursos musicals per a l&#8217;aula de m\u00fasica &#8211; HORTA SUD"},"content":{"rendered":"<p>Lloc de realitzaci\u00f3: Casal Jove-Albal (C\/ Tabacalera, s\/n, Sal Exterior)<\/p>\n","protected":false},"excerpt":{"rendered":"<p>Lloc de realitzaci\u00f3: Casal Jove-Albal (C\/ Tabacalera, s\/n, Sal Exterior)<\/p>\n","protected":false},"author":22,"featured_media":74283,"template":"","tags":[],"mec_category":[579],"class_list":["post-74285","mec-events","type-mec-events","status-publish","has-post-thumbnail","hentry","mec_category-activitats-comarcals"],"_links":{"self":[{"href":"https:\/\/fsmcv.org\/vl\/wp-json\/wp\/v2\/mec-events\/74285","targetHints":{"allow":["GET"]}}],"collection":[{"href":"https:\/\/fsmcv.org\/vl\/wp-json\/wp\/v2\/mec-events"}],"about":[{"href":"https:\/\/fsmcv.org\/vl\/wp-json\/wp\/v2\/types\/mec-events"}],"author":[{"embeddable":true,"href":"https:\/\/fsmcv.org\/vl\/wp-json\/wp\/v2\/users\/22"}],"wp:featuredmedia":[{"embeddable":true,"href":"https:\/\/fsmcv.org\/vl\/wp-json\/wp\/v2\/media\/74283"}],"wp:attachment":[{"href":"https:\/\/fsmcv.org\/vl\/wp-json\/wp\/v2\/media?parent=74285"}],"wp:term":[{"taxonomy":"post_tag","embeddable":true,"href":"https:\/\/fsmcv.org\/vl\/wp-json\/wp\/v2\/tags?post=74285"},{"taxonomy":"mec_category","embeddable":true,"href":"https:\/\/fsmcv.org\/vl\/wp-json\/wp\/v2\/mec_category?post=74285"}],"curies":[{"name":"wp","href":"https:\/\/api.w.org\/{rel}","templated":true}]}}

Formació recursos musicals per a l&#8217;aula de música &#8211; HORTA SUD

<p>Lloc de realització: Casal Jove-Albal (C/ Tabacalera, s/n, Sal Exterior)</p>
