{"id":74405,"date":"2024-10-17T14:47:14","date_gmt":"2024-10-17T12:47:14","guid":{"rendered":"https:\/\/fsmcv.org\/agenda\/concert-a-dos-bandes-unio-musical-dalaquas\/"},"modified":"2024-10-17T14:47:14","modified_gmt":"2024-10-17T12:47:14","slug":"concert-a-dos-bandes-unio-musical-dalaquas","status":"publish","type":"mec-events","link":"https:\/\/fsmcv.org\/vl\/agenda\/concert-a-dos-bandes-unio-musical-dalaquas\/","title":{"rendered":"Concert a Dos Bandes &#8211; Uni\u00f3 Musical d&#8217;Alaqu\u00e0s"},"content":{"rendered":"<p>Lloc de realitzaci\u00f3: Auditori nou d&#8217;Alaqu\u00e0s<\/p>\n","protected":false},"excerpt":{"rendered":"<p>Lloc de realitzaci\u00f3: Auditori nou d&#8217;Alaqu\u00e0s<\/p>\n","protected":false},"author":17,"featured_media":74402,"template":"","tags":[],"mec_category":[220],"class_list":["post-74405","mec-events","type-mec-events","status-publish","has-post-thumbnail","hentry","mec_category-concerts"],"_links":{"self":[{"href":"https:\/\/fsmcv.org\/vl\/wp-json\/wp\/v2\/mec-events\/74405","targetHints":{"allow":["GET"]}}],"collection":[{"href":"https:\/\/fsmcv.org\/vl\/wp-json\/wp\/v2\/mec-events"}],"about":[{"href":"https:\/\/fsmcv.org\/vl\/wp-json\/wp\/v2\/types\/mec-events"}],"author":[{"embeddable":true,"href":"https:\/\/fsmcv.org\/vl\/wp-json\/wp\/v2\/users\/17"}],"wp:featuredmedia":[{"embeddable":true,"href":"https:\/\/fsmcv.org\/vl\/wp-json\/wp\/v2\/media\/74402"}],"wp:attachment":[{"href":"https:\/\/fsmcv.org\/vl\/wp-json\/wp\/v2\/media?parent=74405"}],"wp:term":[{"taxonomy":"post_tag","embeddable":true,"href":"https:\/\/fsmcv.org\/vl\/wp-json\/wp\/v2\/tags?post=74405"},{"taxonomy":"mec_category","embeddable":true,"href":"https:\/\/fsmcv.org\/vl\/wp-json\/wp\/v2\/mec_category?post=74405"}],"curies":[{"name":"wp","href":"https:\/\/api.w.org\/{rel}","templated":true}]}}

Concert a Dos Bandes &#8211; Unió Musical d&#8217;Alaquàs

<p>Lloc de realització: Auditori nou d&#8217;Alaquàs</p>
