{"id":74660,"date":"2024-10-25T13:42:36","date_gmt":"2024-10-25T11:42:36","guid":{"rendered":"https:\/\/fsmcv.org\/agenda\/exaltacio-de-la-musa-de-la-musica-2024-2025-unio-artistica-musical-de-montroi\/"},"modified":"2024-10-25T13:42:36","modified_gmt":"2024-10-25T11:42:36","slug":"exaltacio-de-la-musa-de-la-musica-2024-2025-unio-artistica-musical-de-montroi","status":"publish","type":"mec-events","link":"https:\/\/fsmcv.org\/vl\/agenda\/exaltacio-de-la-musa-de-la-musica-2024-2025-unio-artistica-musical-de-montroi\/","title":{"rendered":"Exaltaci\u00f3 de la Musa de la M\u00fasica 2024-2025 &#8211; Uni\u00f3 Art\u00edstica Musical de Montroi"},"content":{"rendered":"<p>Lloc de realitzaci\u00f3: Sal\u00f3 de concerts de la societat musical<\/p>\n","protected":false},"excerpt":{"rendered":"<p>Lloc de realitzaci\u00f3: Sal\u00f3 de concerts de la societat musical<\/p>\n","protected":false},"author":17,"featured_media":74659,"template":"","tags":[],"mec_category":[],"class_list":["post-74660","mec-events","type-mec-events","status-publish","has-post-thumbnail","hentry"],"_links":{"self":[{"href":"https:\/\/fsmcv.org\/vl\/wp-json\/wp\/v2\/mec-events\/74660","targetHints":{"allow":["GET"]}}],"collection":[{"href":"https:\/\/fsmcv.org\/vl\/wp-json\/wp\/v2\/mec-events"}],"about":[{"href":"https:\/\/fsmcv.org\/vl\/wp-json\/wp\/v2\/types\/mec-events"}],"author":[{"embeddable":true,"href":"https:\/\/fsmcv.org\/vl\/wp-json\/wp\/v2\/users\/17"}],"wp:featuredmedia":[{"embeddable":true,"href":"https:\/\/fsmcv.org\/vl\/wp-json\/wp\/v2\/media\/74659"}],"wp:attachment":[{"href":"https:\/\/fsmcv.org\/vl\/wp-json\/wp\/v2\/media?parent=74660"}],"wp:term":[{"taxonomy":"post_tag","embeddable":true,"href":"https:\/\/fsmcv.org\/vl\/wp-json\/wp\/v2\/tags?post=74660"},{"taxonomy":"mec_category","embeddable":true,"href":"https:\/\/fsmcv.org\/vl\/wp-json\/wp\/v2\/mec_category?post=74660"}],"curies":[{"name":"wp","href":"https:\/\/api.w.org\/{rel}","templated":true}]}}

Exaltació de la Musa de la Música 2024-2025 &#8211; Unió Artística Musical de Montroi

<p>Lloc de realització: Saló de concerts de la societat musical</p>
