{"id":75020,"date":"2024-11-07T13:31:15","date_gmt":"2024-11-07T12:31:15","guid":{"rendered":"https:\/\/fsmcv.org\/agenda\/concert-25-aniversari-societat-musical-de-massalfassar\/"},"modified":"2024-11-07T13:31:15","modified_gmt":"2024-11-07T12:31:15","slug":"concert-25-aniversari-societat-musical-de-massalfassar","status":"publish","type":"mec-events","link":"https:\/\/fsmcv.org\/vl\/agenda\/concert-25-aniversari-societat-musical-de-massalfassar\/","title":{"rendered":"Concert 25 Aniversari &#8211; Societat Musical de Massalfassar"},"content":{"rendered":"<p>Lloc de realitzaci\u00f3: Sala d&#8217;actes del Centre C\u00edvic (Avda. Blasco Ib\u00e1\u00f1ez S\/N), Massalfassar.<\/p>\n","protected":false},"excerpt":{"rendered":"<p>Lloc de realitzaci\u00f3: Sala d&#8217;actes del Centre C\u00edvic (Avda. Blasco Ib\u00e1\u00f1ez S\/N), Massalfassar.<\/p>\n","protected":false},"author":17,"featured_media":75015,"template":"","tags":[],"mec_category":[220],"class_list":["post-75020","mec-events","type-mec-events","status-publish","has-post-thumbnail","hentry","mec_category-concerts"],"_links":{"self":[{"href":"https:\/\/fsmcv.org\/vl\/wp-json\/wp\/v2\/mec-events\/75020","targetHints":{"allow":["GET"]}}],"collection":[{"href":"https:\/\/fsmcv.org\/vl\/wp-json\/wp\/v2\/mec-events"}],"about":[{"href":"https:\/\/fsmcv.org\/vl\/wp-json\/wp\/v2\/types\/mec-events"}],"author":[{"embeddable":true,"href":"https:\/\/fsmcv.org\/vl\/wp-json\/wp\/v2\/users\/17"}],"wp:featuredmedia":[{"embeddable":true,"href":"https:\/\/fsmcv.org\/vl\/wp-json\/wp\/v2\/media\/75015"}],"wp:attachment":[{"href":"https:\/\/fsmcv.org\/vl\/wp-json\/wp\/v2\/media?parent=75020"}],"wp:term":[{"taxonomy":"post_tag","embeddable":true,"href":"https:\/\/fsmcv.org\/vl\/wp-json\/wp\/v2\/tags?post=75020"},{"taxonomy":"mec_category","embeddable":true,"href":"https:\/\/fsmcv.org\/vl\/wp-json\/wp\/v2\/mec_category?post=75020"}],"curies":[{"name":"wp","href":"https:\/\/api.w.org\/{rel}","templated":true}]}}

<p>Lloc de realització: Sala d&#8217;actes del Centre Cívic (Avda. Blasco Ibáñez S/N), Massalfassar.</p>
