{"id":75165,"date":"2024-11-14T13:17:41","date_gmt":"2024-11-14T12:17:41","guid":{"rendered":"https:\/\/fsmcv.org\/agenda\/concert-de-santa-cecilia-centre-instructiu-dart-i-cultura-de-la-vall-duixo\/"},"modified":"2024-11-14T13:17:41","modified_gmt":"2024-11-14T12:17:41","slug":"concert-de-santa-cecilia-centre-instructiu-dart-i-cultura-de-la-vall-duixo","status":"publish","type":"mec-events","link":"https:\/\/fsmcv.org\/vl\/agenda\/concert-de-santa-cecilia-centre-instructiu-dart-i-cultura-de-la-vall-duixo\/","title":{"rendered":"Concert de Santa Cecilia &#8211; Centre Instructiu d&#8217;Art i Cultura de La Vall d&#8217;Uix\u00f3"},"content":{"rendered":"<p>Lloc de realitzaci\u00f3: Auditori Municipal Leopoldo Pe\u00f1arrocha, La Vall d&#8217;Uix\u00f3.<\/p>\n","protected":false},"excerpt":{"rendered":"<p>Lloc de realitzaci\u00f3: Auditori Municipal Leopoldo Pe\u00f1arrocha, La Vall d&#8217;Uix\u00f3.<\/p>\n","protected":false},"author":17,"featured_media":73211,"template":"","tags":[],"mec_category":[220],"class_list":["post-75165","mec-events","type-mec-events","status-publish","has-post-thumbnail","hentry","mec_category-concerts"],"_links":{"self":[{"href":"https:\/\/fsmcv.org\/vl\/wp-json\/wp\/v2\/mec-events\/75165","targetHints":{"allow":["GET"]}}],"collection":[{"href":"https:\/\/fsmcv.org\/vl\/wp-json\/wp\/v2\/mec-events"}],"about":[{"href":"https:\/\/fsmcv.org\/vl\/wp-json\/wp\/v2\/types\/mec-events"}],"author":[{"embeddable":true,"href":"https:\/\/fsmcv.org\/vl\/wp-json\/wp\/v2\/users\/17"}],"wp:featuredmedia":[{"embeddable":true,"href":"https:\/\/fsmcv.org\/vl\/wp-json\/wp\/v2\/media\/73211"}],"wp:attachment":[{"href":"https:\/\/fsmcv.org\/vl\/wp-json\/wp\/v2\/media?parent=75165"}],"wp:term":[{"taxonomy":"post_tag","embeddable":true,"href":"https:\/\/fsmcv.org\/vl\/wp-json\/wp\/v2\/tags?post=75165"},{"taxonomy":"mec_category","embeddable":true,"href":"https:\/\/fsmcv.org\/vl\/wp-json\/wp\/v2\/mec_category?post=75165"}],"curies":[{"name":"wp","href":"https:\/\/api.w.org\/{rel}","templated":true}]}}

Concert de Santa Cecilia &#8211; Centre Instructiu d&#8217;Art i Cultura de La Vall d&#8217;Uixó

<p>Lloc de realització: Auditori Municipal Leopoldo Peñarrocha, La Vall d&#8217;Uixó.</p>
