{"id":75286,"date":"2024-11-19T13:15:07","date_gmt":"2024-11-19T12:15:07","guid":{"rendered":"https:\/\/fsmcv.org\/agenda\/concert-amb-motiu-de-la-celebracio-de-santa-cecilia-unio-musical-santa-cecilia-de-xilxes\/"},"modified":"2024-11-19T13:15:07","modified_gmt":"2024-11-19T12:15:07","slug":"concert-amb-motiu-de-la-celebracio-de-santa-cecilia-unio-musical-santa-cecilia-de-xilxes","status":"publish","type":"mec-events","link":"https:\/\/fsmcv.org\/vl\/agenda\/concert-amb-motiu-de-la-celebracio-de-santa-cecilia-unio-musical-santa-cecilia-de-xilxes\/","title":{"rendered":"Concert amb motiu de la celebraci\u00f3 de Santa Cecilia &#8211; Uni\u00f3 Musical Santa Cecilia de Xilxes"},"content":{"rendered":"<p>Lloc de realitzaci\u00f3: Teatre Municipal de Xilxes<\/p>\n","protected":false},"excerpt":{"rendered":"<p>Lloc de realitzaci\u00f3: Teatre Municipal de Xilxes<\/p>\n","protected":false},"author":17,"featured_media":73295,"template":"","tags":[],"mec_category":[220],"class_list":["post-75286","mec-events","type-mec-events","status-publish","has-post-thumbnail","hentry","mec_category-concerts"],"_links":{"self":[{"href":"https:\/\/fsmcv.org\/vl\/wp-json\/wp\/v2\/mec-events\/75286","targetHints":{"allow":["GET"]}}],"collection":[{"href":"https:\/\/fsmcv.org\/vl\/wp-json\/wp\/v2\/mec-events"}],"about":[{"href":"https:\/\/fsmcv.org\/vl\/wp-json\/wp\/v2\/types\/mec-events"}],"author":[{"embeddable":true,"href":"https:\/\/fsmcv.org\/vl\/wp-json\/wp\/v2\/users\/17"}],"wp:featuredmedia":[{"embeddable":true,"href":"https:\/\/fsmcv.org\/vl\/wp-json\/wp\/v2\/media\/73295"}],"wp:attachment":[{"href":"https:\/\/fsmcv.org\/vl\/wp-json\/wp\/v2\/media?parent=75286"}],"wp:term":[{"taxonomy":"post_tag","embeddable":true,"href":"https:\/\/fsmcv.org\/vl\/wp-json\/wp\/v2\/tags?post=75286"},{"taxonomy":"mec_category","embeddable":true,"href":"https:\/\/fsmcv.org\/vl\/wp-json\/wp\/v2\/mec_category?post=75286"}],"curies":[{"name":"wp","href":"https:\/\/api.w.org\/{rel}","templated":true}]}}

Concert amb motiu de la celebració de Santa Cecilia &#8211; Unió Musical Santa Cecilia de Xilxes

<p>Lloc de realització: Teatre Municipal de Xilxes</p>
