{"id":75556,"date":"2024-11-29T13:14:50","date_gmt":"2024-11-29T12:14:50","guid":{"rendered":"https:\/\/fsmcv.org\/agenda\/concert-extraordinari\/"},"modified":"2024-11-29T13:14:50","modified_gmt":"2024-11-29T12:14:50","slug":"concert-extraordinari","status":"publish","type":"mec-events","link":"https:\/\/fsmcv.org\/vl\/agenda\/concert-extraordinari\/","title":{"rendered":"Concert extraordinari"},"content":{"rendered":"<p>Lloc de realitzaci\u00f3: Sala ITURBI, Palau de la M\u00fasica, Val\u00e8ncia. 10\/15\/20 \u20ac Arnold Sch\u00f6nberg Sinfon\u00eda de cambra n\u00fam. 1 en El meu major, op. 9<br \/>\nGustav Mahler Das Lied von der Erde (Arr. A. Sch\u00f6nberg) L&#8217;\u00c0nima Mahler Kammerorchester es va fundar en 2017 per a abordar des de noves perspectives la m\u00fasica de cambra. Integrada per solistes procedents de grans orquestres europees com la Gewandhausorchester Leipzig i la Staatskapelle Dresden, i les filharm\u00f2niques de Rotterdam, Luxemburg i Oslo, esta jove orquestra fa gala d&#8217;un alt nivell art\u00edstic, inspirada per valors com la diversitat, curiositat, companyonia i esperit de col\u00b7laboraci\u00f3. Sota la direcci\u00f3 de Mirian Khukhunaishvili i juntament amb els cantants valencians Cristina Faus i Javier Palacios, oferiran La can\u00e7\u00f3 de la terra, una obra escrita en el tram final de la vida de Mahler, inspirada en poesia xinesa mil\u00b7len\u00e0ria, imbu\u00efda de la tristesa, acceptaci\u00f3 i silenci davant la mort del terrenal. En contrast amb estos ressons de finitud, la Simfonia de cambra n\u00fam. 1, de 1906, inicia la maduresa compositiva de Sch\u00f6nberg. Dos belles i delicades obres, de dos autors de generacions distintes, per\u00f2 part\u00edcips un mateix moment cultural a la Viena de fi de segle.<\/p>\n","protected":false},"excerpt":{"rendered":"<p>Lloc de realitzaci\u00f3: Sala ITURBI, Palau de la M\u00fasica, Val\u00e8ncia. 10\/15\/20 \u20ac Arnold Sch\u00f6nberg Sinfon\u00eda de cambra n\u00fam. 1 en El meu major, op. 9 Gustav Mahler Das Lied von der Erde (Arr. A. Sch\u00f6nberg) L&#8217;\u00c0nima Mahler Kammerorchester es va fundar en 2017 per a abordar des de noves perspectives la m\u00fasica de cambra. Integrada [&hellip;]<\/p>\n","protected":false},"author":17,"featured_media":44108,"template":"","tags":[],"mec_category":[220],"class_list":["post-75556","mec-events","type-mec-events","status-publish","has-post-thumbnail","hentry","mec_category-concerts"],"_links":{"self":[{"href":"https:\/\/fsmcv.org\/vl\/wp-json\/wp\/v2\/mec-events\/75556","targetHints":{"allow":["GET"]}}],"collection":[{"href":"https:\/\/fsmcv.org\/vl\/wp-json\/wp\/v2\/mec-events"}],"about":[{"href":"https:\/\/fsmcv.org\/vl\/wp-json\/wp\/v2\/types\/mec-events"}],"author":[{"embeddable":true,"href":"https:\/\/fsmcv.org\/vl\/wp-json\/wp\/v2\/users\/17"}],"wp:featuredmedia":[{"embeddable":true,"href":"https:\/\/fsmcv.org\/vl\/wp-json\/wp\/v2\/media\/44108"}],"wp:attachment":[{"href":"https:\/\/fsmcv.org\/vl\/wp-json\/wp\/v2\/media?parent=75556"}],"wp:term":[{"taxonomy":"post_tag","embeddable":true,"href":"https:\/\/fsmcv.org\/vl\/wp-json\/wp\/v2\/tags?post=75556"},{"taxonomy":"mec_category","embeddable":true,"href":"https:\/\/fsmcv.org\/vl\/wp-json\/wp\/v2\/mec_category?post=75556"}],"curies":[{"name":"wp","href":"https:\/\/api.w.org\/{rel}","templated":true}]}}

<p>Lloc de realització: Sala ITURBI, Palau de la Música, València. 10/15/20 € Arnold Schönberg Sinfonía de cambra núm. 1 en El meu major, op. 9<br />
Gustav Mahler Das Lied von der Erde (Arr. A. Schönberg) L&#8217;Ànima Mahler Kammerorchester es va fundar en 2017 per a abordar des de noves perspectives la música de cambra. Integrada per solistes procedents de grans orquestres europees com la Gewandhausorchester Leipzig i la Staatskapelle Dresden, i les filharmòniques de Rotterdam, Luxemburg i Oslo, esta jove orquestra fa gala d&#8217;un alt nivell artístic, inspirada per valors com la diversitat, curiositat, companyonia i esperit de col·laboració. Sota la direcció de Mirian Khukhunaishvili i juntament amb els cantants valencians Cristina Faus i Javier Palacios, oferiran La cançó de la terra, una obra escrita en el tram final de la vida de Mahler, inspirada en poesia xinesa mil·lenària, imbuïda de la tristesa, acceptació i silenci davant la mort del terrenal. En contrast amb estos ressons de finitud, la Simfonia de cambra núm. 1, de 1906, inicia la maduresa compositiva de Schönberg. Dos belles i delicades obres, de dos autors de generacions distintes, però partícips un mateix moment cultural a la Viena de fi de segle.</p>

<p>Lloc de realització: Sala ITURBI, Palau de la Música, València. 10/15/20 € Arnold Schönberg Sinfonía de cambra núm. 1 en El meu major, op. 9 Gustav Mahler Das Lied von der Erde (Arr. A. Schönberg) L&#8217;Ànima Mahler Kammerorchester es va fundar en 2017 per a abordar des de noves perspectives la música de cambra. Integrada [&hellip;]</p>
